{"id":13073,"date":"2023-01-10T04:41:45","date_gmt":"2023-01-10T07:41:45","guid":{"rendered":"https:\/\/cursos.talentup.cl\/?post_type=product&#038;p=13073"},"modified":"2024-02-07T23:38:25","modified_gmt":"2024-02-08T02:38:25","slug":"diseno-automotriz-dibujo-e-ilustracion","status":"publish","type":"product","link":"https:\/\/cursos.talentup.cl\/?product=diseno-automotriz-dibujo-e-ilustracion","title":{"rendered":"DISE\u00d1O AUTOMOTRIZ \u2013 DIBUJO E ILUSTRACI\u00d3N"},"content":{"rendered":"<p>\u00bfEres un apasionado de los autom\u00f3viles y de los aspectos creativos para dise\u00f1arlos?<\/p>\n<p>Conoce el MasterClass DISE\u00d1O AUTOMOTRIZ, donde encontrar\u00e1s c\u00f3mo dibujar e ilustrar a estos veh\u00edculos de cuatro ruedas.<\/p>\n<p>Aprende a crear de forma correcta y a mano alzada, impactantes dise\u00f1os de los autos m\u00e1s incre\u00edbles como lo hacen los artistas de las grandes marcas.<\/p>\n<p>Domina los materiales, la fluidez de los trazos y los colores para que logres resultados sorprendentes.<\/p>\n<p>\u00bfQU\u00c9 VAS A LOGRAR?<\/p>\n<p>Conocer\u00e1s los materiales b\u00e1sicos y c\u00f3mo utilizarlos de la forma adecuada, no siempre lo caro es lo mejor, tu presupuesto manda.<\/p>\n<p>Aprender\u00e1s los ejercicios b\u00e1sicos para soltar la mano para lograr trazos constantes, la pr\u00e1ctica es la clave.<\/p>\n<p>Romper\u00e1s los paradigmas de dibujo impuestos por instituciones, dibujar no es una ciencia exacta, dibujar es una expresi\u00f3n de uno mismo, si bien hay protocolos b\u00e1sicos que se deben seguir, t\u00fa mismo dictar\u00e1s tu propia t\u00e9cnica.  <\/p>\n<p>Aprender\u00e1s a mirar los objetos y a utilizar la perspectiva: \u00bfQu\u00e9 es? y c\u00f3mo utilizarla a tu favor, puntos de fuga, como afectan estos al observar un veh\u00edculo y como llevarlos al papel<\/p>\n<p>Aprender\u00e1s las dimensiones de un veh\u00edculo y principios b\u00e1sicos de este: \u00bfpor qu\u00e9 la rueda va en ese lugar?, \u00bfQu\u00e9 proporciones tiene cada veh\u00edculo?&#8230; as\u00ed como las vistas de un veh\u00edculo: \u00bfQu\u00e9 son y c\u00f3mo se hacen?<\/p>\n<p>Aprender\u00e1s distintas t\u00e9cnicas de ilustraci\u00f3n con materiales b\u00e1sicos y otros m\u00e1s avanzados, recuerda que el resultado que logres depende de ti y no tanto del material.<\/p>\n<p>Realizar\u00e1s una ilustraci\u00f3n de un veh\u00edculo de dise\u00f1o propio usando las t\u00e9cnicas aprendidas.<\/p>\n<p>Acceder\u00e1s al certificado avalado por Hotmart y Seminarios Online.<\/p>\n<p>\u00bfC\u00d3MO LO VAS A LOGRAR?<\/p>\n<p>A trav\u00e9s del siguiente contenido: <\/p>\n<p>Bienvenida &#8211; Grupo de Telegram<br \/>\nVideo 1: Algunos trabajos<br \/>\nVideo 2: Materiales a usar.<br \/>\nVideo 3: Ejercicios b\u00e1sicos.<br \/>\nVideo 4: Conociendo las vistas del auto.<br \/>\nVideo 5: Vista 3\/4 del auto.<br \/>\nVideo 6: Ilustraci\u00f3n a l\u00e1piz.<br \/>\nVideo 7: Trazo a pluma.<br \/>\nVideo 8: Aplicando color a l\u00e1piz.<br \/>\nVideo 9: Ilustrando con colores.<br \/>\nVideo 10: Aplicando plum\u00f3n-pr\u00e1ctica.<br \/>\nVideo 11: Ilustrando con plumones.<br \/>\nVideo 12: Concepto aplicando t\u00e9cnicas aprendidas.<br \/>\nClase en vivo v\u00eda zoom o google meet con el productor cada 2 fines de semana<\/p>\n<p>ACERCA DEL PRODUCTOR<\/p>\n<p>Desarrollado por el maestro ALFREDO ROMO LLACA, licenciado en dise\u00f1o automotriz egresado de la universidad Iberoamericana.<\/p>\n<p>Formado con varios cursos de dise\u00f1o automotriz impartidos por la academia de dise\u00f1o Rigoletti casa de dise\u00f1o, es un pintor, dise\u00f1ador, escritor e ilustrador mexicano que ha realizado proyectos para empresas como Discovery Channel y Televicine.<\/p>\n<p>Su pasi\u00f3n por los autos comenz\u00f3 desde temprana edad, ya a los 5 a\u00f1os pod\u00eda nombrar los modelos y marcas de autom\u00f3viles que se pod\u00edan avistar en el M\u00e9xico de los 90&#8217;s, desde temprana edad resalt\u00f3 por encima de la media en dotes art\u00edsticos los cuales los continu\u00f3 desarrollando en su juventud. <\/p>\n<p>Su pasi\u00f3n le llevo a competir en el mundo motor hasta la edad de 24 a\u00f1os, en tiempos recientes su carrera laboral lo han llevado por el camino art\u00edstico volvi\u00e9ndose un pintor enfocado en el mundo motor, actualmente pinta, ilustra y escribe.<\/p>\n","protected":false},"excerpt":{"rendered":"<p>\u00bfEres un apasionado de los autom\u00f3viles y de los aspectos creativos para dise\u00f1arlos?<\/p>\n<p>Conoce el MasterClass DISE\u00d1O AUTOMOTRIZ, donde encontrar\u00e1s c\u00f3mo dibujar e ilustrar a estos veh\u00edculos de cuatro ruedas.<\/p>\n<p>Aprende a crear de forma correcta y a mano alzada, impactantes dise\u00f1os de los autos m\u00e1s incre\u00edbles como lo hacen los artistas de las grandes marcas.<\/p>\n<p>Domina los materiales, la fluidez de los trazos y los colores para que logres resultados sorprendentes.<\/p>\n","protected":false},"featured_media":4991,"template":"","meta":{"_joinchat":[]},"product_brand":[],"product_cat":[333,344],"product_tag":[],"class_list":{"0":"post-13073","1":"product","2":"type-product","3":"status-publish","4":"has-post-thumbnail","6":"product_cat-negocios-y-marketing","7":"product_cat-todos","9":"first","10":"instock","11":"sale","12":"shipping-taxable","13":"product-type-external"},"_links":{"self":[{"href":"https:\/\/cursos.talentup.cl\/index.php?rest_route=\/wp\/v2\/product\/13073","targetHints":{"allow":["GET"]}}],"collection":[{"href":"https:\/\/cursos.talentup.cl\/index.php?rest_route=\/wp\/v2\/product"}],"about":[{"href":"https:\/\/cursos.talentup.cl\/index.php?rest_route=\/wp\/v2\/types\/product"}],"version-history":[{"count":2,"href":"https:\/\/cursos.talentup.cl\/index.php?rest_route=\/wp\/v2\/product\/13073\/revisions"}],"predecessor-version":[{"id":14827,"href":"https:\/\/cursos.talentup.cl\/index.php?rest_route=\/wp\/v2\/product\/13073\/revisions\/14827"}],"wp:featuredmedia":[{"embeddable":true,"href":"https:\/\/cursos.talentup.cl\/index.php?rest_route=\/wp\/v2\/media\/4991"}],"wp:attachment":[{"href":"https:\/\/cursos.talentup.cl\/index.php?rest_route=%2Fwp%2Fv2%2Fmedia&parent=13073"}],"wp:term":[{"taxonomy":"product_brand","embeddable":true,"href":"https:\/\/cursos.talentup.cl\/index.php?rest_route=%2Fwp%2Fv2%2Fproduct_brand&post=13073"},{"taxonomy":"product_cat","embeddable":true,"href":"https:\/\/cursos.talentup.cl\/index.php?rest_route=%2Fwp%2Fv2%2Fproduct_cat&post=13073"},{"taxonomy":"product_tag","embeddable":true,"href":"https:\/\/cursos.talentup.cl\/index.php?rest_route=%2Fwp%2Fv2%2Fproduct_tag&post=13073"}],"curies":[{"name":"wp","href":"https:\/\/api.w.org\/{rel}","templated":true}]}}