{"id":13076,"date":"2023-01-10T04:41:45","date_gmt":"2023-01-10T07:41:45","guid":{"rendered":"https:\/\/cursos.talentup.cl\/?post_type=product&#038;p=13076"},"modified":"2024-02-07T23:38:26","modified_gmt":"2024-02-08T02:38:26","slug":"empleados-productivos-y-motivados","status":"publish","type":"product","link":"https:\/\/cursos.talentup.cl\/?product=empleados-productivos-y-motivados","title":{"rendered":"EMPLEADOS + PRODUCTIVOS Y MOTIVADOS"},"content":{"rendered":"<p>Muchas empresas no crecen al no saber c\u00f3mo medir el desempe\u00f1o de sus colaboradores.<\/p>\n<p>\u00bfSab\u00edas que se puede optimizar la calidad del trabajo, la motivaci\u00f3n de las personas y reducir costos con excelentes resultados?<\/p>\n<p>Con el MasterClass EMPLEADOS M\u00c1S MOTIVADOS Y PRODUCTIVOS, aprende a medir y mejorar la gesti\u00f3n de una empresa, con un m\u00e9todo cient\u00edficamente comprobado para detectar carencias operativas con excelentes resultados.<\/p>\n<p>Adem\u00e1s, estructura un plan estrat\u00e9gico, influye a las personas, desarrolla un buen feedback y mucho m\u00e1s.<\/p>\n<p>\u00bfQU\u00c9 VAS A LOGRAR?<\/p>\n<p>Lograr\u00e1s conocer la importancia de controlar y mejorar el desempe\u00f1o de tus empleados.<\/p>\n<p>Aprender\u00e1s a definir objetivos eficientemente.<\/p>\n<p>Construir\u00e1s un plan estrat\u00e9gico de mejora continua sobre el desempe\u00f1o de tus empleados, definiendo fechas estrat\u00e9gicamente.<\/p>\n<p>Aprender\u00e1s c\u00f3mo comunicarte asertivamente y manejar una inteligencia emocional.<\/p>\n<p>Conocer\u00e1s c\u00f3mo convertir un simple Feedback en una retroalimentaci\u00f3n.<\/p>\n<p>Lograr\u00e1s crear un formato base de evaluaci\u00f3n del desempe\u00f1o.<\/p>\n<p>Podr\u00e1s identificar los resultados para realizar un plan de seguimiento continuo.<\/p>\n<p>Acceder\u00e1s al certificado avalado por Hotmart y Seminarios Online.<\/p>\n<p>\u00bfC\u00d3MO LO VAS A LOGRAR? <\/p>\n<p>A trav\u00e9s del siguiente contenido:<\/p>\n<p>Paso 1: Introducci\u00f3n.<\/p>\n<p>Video 1 Presentaci\u00f3n.<br \/>\nVideo 2 Lo que vas a lograr.<\/p>\n<p>Paso 2: Los beneficios de dirigir del desempe\u00f1o.<\/p>\n<p>Video 3 La Importancia de dirigir el desempe\u00f1o.<br \/>\nVideo 4 Beneficios para el colaborador.<br \/>\nVideo 5 Beneficios para el negocio.<\/p>\n<p>Paso 3: Define tus Objetivos.<\/p>\n<p>Video 6 La Importancia de fijar objetivos.<br \/>\nVideo 7 Metodolog\u00eda efectiva para definir objetivos.<br \/>\nVideo 8 Definiendo tus objetivos.<\/p>\n<p>Paso 4: Estructuremos tu Plan Estrat\u00e9gico<\/p>\n<p>Video 9 \u00bfQu\u00e9 necesitas evaluar?<br \/>\nVideo 10 \u00bfQui\u00e9nes deben evaluar?<br \/>\nVideo 11 \u00bfCu\u00e1ndo se debe evaluar?<br \/>\nVideo 12 Estableciendo tu plan. <\/p>\n<p>Paso 5: Dar Retroalimentaci\u00f3n Positiva<\/p>\n<p>Video 13 C\u00f3mo lograr la inteligencia emocional y t\u00e9cnica de comunicaci\u00f3n asertiva.<br \/>\nVideo 14 Los tipos de empleados en una retroalimentaci\u00f3n y c\u00f3mo abordarlos.<br \/>\nVideo 15 Los 6 pasos para una retroalimentaci\u00f3n positiva.<\/p>\n<p>Paso 6: Acciones que te llevar\u00e1n a la Mejora Continua<\/p>\n<p>Video 16 Dise\u00f1ando y aplicando una evaluaci\u00f3n del desempe\u00f1o.<br \/>\nVideo 17 Interpretaci\u00f3n de los resultados.<br \/>\nVideo 18 An\u00e1lisis y seguimiento.<\/p>\n<p>Paso 7: BONUS<\/p>\n<p>Video 19 Las 5 estrategias efectivas de la mejora de la productividad.<br \/>\n4 plantillas descargables que te ayudar\u00e1n f\u00e1cilmente a realizar la evaluaci\u00f3n y an\u00e1lisis del desempe\u00f1o.<br \/>\nInstructivo en formato PDF con todo lo que necesitas saber para facilitarte el uso de la plantilla de evaluaci\u00f3n. <\/p>\n<p>ACERCA DEL PRODUCTOR<\/p>\n<p>Desarrollado por GUILLERMO ALEJANDRO L\u00d3PEZ RAM\u00cdREZ, Psic\u00f3logo Industrial especializado en Capacitaci\u00f3n, cuenta con m\u00e1s de 10 a\u00f1os de experiencia liderando y desarrollando l\u00edderes en diferentes rubros.<\/p>\n<p>Ha desarrollado conferencias para diversas entidades educativas en temas de desempe\u00f1o laboral y capacitaci\u00f3n para entidades como la UNAM en M\u00e9xico y el Instituto de Ciencias Empresariales de Argentina ICE.<\/p>\n<p>Ha sido asesor de planes de carrera para franquiciados de Restaurantes como Taco Bell y Little Caesars, y con experiencia en manipulaci\u00f3n segura de alimentos ha realizado asesor\u00edas y capacitaciones en Latinoam\u00e9rica para franquicias de restaurantes reconocidos a nivel mundial como Burger King, McDonald\u2019s, Wendy\u2019s, Papa Jhon\u2019s entre otros.<\/p>\n","protected":false},"excerpt":{"rendered":"<p>Muchas empresas no crecen al no saber c\u00f3mo medir el desempe\u00f1o de sus colaboradores.<\/p>\n<p>\u00bfSab\u00edas que se puede optimizar la calidad del trabajo, la motivaci\u00f3n de las personas y reducir costos con excelentes resultados?<\/p>\n<p>Con el MasterClass EMPLEADOS M\u00c1S MOTIVADOS Y PRODUCTIVOS, aprende a medir y mejorar la gesti\u00f3n de una empresa, con un m\u00e9todo cient\u00edficamente comprobado para detectar carencias operativas con excelentes resultados.<\/p>\n<p>Adem\u00e1s, estructura un plan estrat\u00e9gico, influye a las personas, desarrolla un buen feedback y mucho m\u00e1s.<\/p>\n","protected":false},"featured_media":4993,"template":"","meta":{"_joinchat":[]},"product_brand":[],"product_cat":[333,344],"product_tag":[],"class_list":{"0":"post-13076","1":"product","2":"type-product","3":"status-publish","4":"has-post-thumbnail","6":"product_cat-negocios-y-marketing","7":"product_cat-todos","9":"first","10":"instock","11":"sale","12":"shipping-taxable","13":"product-type-external"},"_links":{"self":[{"href":"https:\/\/cursos.talentup.cl\/index.php?rest_route=\/wp\/v2\/product\/13076","targetHints":{"allow":["GET"]}}],"collection":[{"href":"https:\/\/cursos.talentup.cl\/index.php?rest_route=\/wp\/v2\/product"}],"about":[{"href":"https:\/\/cursos.talentup.cl\/index.php?rest_route=\/wp\/v2\/types\/product"}],"version-history":[{"count":2,"href":"https:\/\/cursos.talentup.cl\/index.php?rest_route=\/wp\/v2\/product\/13076\/revisions"}],"predecessor-version":[{"id":14830,"href":"https:\/\/cursos.talentup.cl\/index.php?rest_route=\/wp\/v2\/product\/13076\/revisions\/14830"}],"wp:featuredmedia":[{"embeddable":true,"href":"https:\/\/cursos.talentup.cl\/index.php?rest_route=\/wp\/v2\/media\/4993"}],"wp:attachment":[{"href":"https:\/\/cursos.talentup.cl\/index.php?rest_route=%2Fwp%2Fv2%2Fmedia&parent=13076"}],"wp:term":[{"taxonomy":"product_brand","embeddable":true,"href":"https:\/\/cursos.talentup.cl\/index.php?rest_route=%2Fwp%2Fv2%2Fproduct_brand&post=13076"},{"taxonomy":"product_cat","embeddable":true,"href":"https:\/\/cursos.talentup.cl\/index.php?rest_route=%2Fwp%2Fv2%2Fproduct_cat&post=13076"},{"taxonomy":"product_tag","embeddable":true,"href":"https:\/\/cursos.talentup.cl\/index.php?rest_route=%2Fwp%2Fv2%2Fproduct_tag&post=13076"}],"curies":[{"name":"wp","href":"https:\/\/api.w.org\/{rel}","templated":true}]}}