{"id":13077,"date":"2023-01-10T04:41:45","date_gmt":"2023-01-10T07:41:45","guid":{"rendered":"https:\/\/cursos.talentup.cl\/?post_type=product&#038;p=13077"},"modified":"2024-02-07T23:38:26","modified_gmt":"2024-02-08T02:38:26","slug":"pharmarketing-farmacias-que-venden","status":"publish","type":"product","link":"https:\/\/cursos.talentup.cl\/?product=pharmarketing-farmacias-que-venden","title":{"rendered":"PHARMARKETING FARMACIAS QUE VENDEN"},"content":{"rendered":"<p>\u00bfAlguna vez te preguntaste como sobreviven las farmacias? \u00bfPor qu\u00e9 algunas farmacias tienen \u00e9xito mientras otras desaparecen sin dejar rastros? <\/p>\n<p>Tienes que conocer el MasterClass PHARMARKETING donde aprender\u00e1s a entender c\u00f3mo funcionan las \u201cFarmacias que venden\u201d en el mundo.<\/p>\n<p>Encuentra las claves del marketing estrat\u00e9gico aplicado a la industria farmac\u00e9utica con todos los diferenciales que realmente valoran los clientes para estimular una venta efectiva.<\/p>\n<p>Aprende sobre merchandising, la exhibici\u00f3n, el mobiliario y la estructura de un negocio On-Line y Off-line.<\/p>\n<p>PHARMARKETING: <\/p>\n<p>Es la clave que combina el marketing estrat\u00e9gico aplicado a la industria farmac\u00e9utica como (PDV) con el atributo diferencial del servicio al cliente, creando de esta manera un inbound que impacta directamente en el cliente online y offline por medio de im\u00e1genes, sonidos, experiencias, emociones y sensaciones.<\/p>\n<p>Para ello desarrollamos 25 m\u00f3dulos espec\u00edficos que te van a llevar desde cero a optimizar completamente tu farmacia, descubriendo los puntos ciegos o zonas fr\u00edas para optimizarlas y as\u00ed sacarle el m\u00e1ximo provecho por medio de nuestras diferentes estrategias.<\/p>\n<p> Puede que ya te encuentres trabajando en una farmacia o a\u00fan no, no importa, igual puedes aprender todas estas estrategias, seguramente te ayudar\u00e1n en tu hoja de vida para conseguir un empleo en una de las tantas farmacias que existen.<\/p>\n<p>\u00bfQU\u00c9 VAS A LOGRAR?<\/p>\n<p>Crear\u00e1s una farmacia 100% OPTIMIZADA.<br \/>\nOrganizar\u00e1s el recorrido interno para los clientes por los lugares m\u00e1s ESTRAT\u00c9GICOS.<br \/>\nDesarrollar\u00e1s el pensamiento estrat\u00e9gico y creativo que estimule la ACCI\u00d3N DE COMPRA del cliente.<br \/>\nReconocer\u00e1s las NECESIDADES latentes\/ocultas de los clientes y luego satisfacerlas.<br \/>\nConocer\u00e1s la psicolog\u00eda del color y se\u00f1al\u00e9tica que influyen en la EXPERIENCIA DEL CLIENTE cuando ingresa a la farmacia.<br \/>\nComprender\u00e1s la VISI\u00d3N ESTRAT\u00c9GICA del negocio de las grandes cadenas de farmacias para aplicarlas de inmediato.<br \/>\nCrear\u00e1s una EXPERIENCIA PREMIUM en la atenci\u00f3n al cliente, no solo para que \u00e9ste vuelva, sino que invite a otras personas a sentir la farmacia como lugar de placer.<br \/>\nConocer\u00e1s cuales son los servicios premium que otras farmacias ofrecen a sus clientes y as\u00ed aplicar el BENCHMARKING.<\/p>\n<p>Al finalizar, tendr\u00e1s la capacidad de optimizar al 100% tu farmacia, para que sea efectiva, tenga mayor rotaci\u00f3n de clientes y las ventas aumenten considerablemente.<\/p>\n<p>Con este programa descubrir\u00e1s una cara completamente nueva de la farmacia, donde los puntos ciegos desaparecer\u00e1n y cada espacio estar\u00e1 optimizado para que puedas convertir cualquier farmacia en una m\u00e1quina de ventas y servicio al cliente.<\/p>\n<p>Este MasterClass te ense\u00f1ar\u00e1 de manera conceptual y pr\u00e1ctica, desde lo m\u00e1s b\u00e1sico, hasta los niveles m\u00e1s avanzados de como debes organizar tu farmacia para optimizarla al 1000%.<\/p>\n<p>As\u00ed mismo, de manera pr\u00e1ctica conocer\u00e1s la forma, los lugares y productos, la carteler\u00eda y se\u00f1al\u00e9tica, que lugar deben ocupar para impactar al cliente en el menor tiempo posible.<\/p>\n<p>\u00bfC\u00d3MO LO VAS A LOGRAR?<\/p>\n<p>A trav\u00e9s del siguiente contenido estructurado paso a paso:<\/p>\n<p>PARTE 00 Presentaci\u00f3n<br \/>\nPARTE 01 Gesti\u00f3n estrat\u00e9gica: Distribuci\u00f3n de la farmacia.<br \/>\nPARTE 02 El mostrador, Expositores, Se\u00f1al\u00e9tica, Zonas fr\u00edas y calientes, Exterior<br \/>\nPARTE 03 farmacias del mundo &#8211; BARCELONA<br \/>\nPARTE 04 El exterior, la cruz, el r\u00f3tulo, observaci\u00f3n de la vitrina o escaparate, zonas m\u00e1s vendedoras y sus porcentajes, zonas de impacto para llamar la atenci\u00f3n.<br \/>\nPARTE 05 farmacias del mundo \u2013 farmacias que innovan A5<br \/>\nPARTE 06 Merchandising en la farmacia: micro mercado, marketing de seducci\u00f3n.<br \/>\nPARTE 07 Merchandising en la farmacia: Merchandising de seducci\u00f3n.<br \/>\nPARTE 08 farmacias del mundo \u2013 Modelo Alem\u00e1n<br \/>\nPARTE 09 Introducci\u00f3n al Marketing Pharma, \u00bfQu\u00e9 es el marketing?<br \/>\nPARTE 10 Merchandising visual y de gesti\u00f3n, rentabilidad del punto de venta.<br \/>\nPARTE 11 Distribuci\u00f3n de los espacios y el mobiliario de la farmacia.<br \/>\nPARTE 12 farmacias del mundo \u2013 modelo farmac\u00e9utico de innovaci\u00f3n<br \/>\nPARTE 13 &#8211; \u00bfQue compramos? y \u00bfPor qu\u00e9 es importante exponer bien los productos?<br \/>\nPARTE 14 Lo que no se exhibe no se vende, 3 clases de estanter\u00edas.<br \/>\nPARTE 15 Las zonas del cuerpo, cabeza, cuello, pecho, t\u00f3rax, tronco, cintura, piernas, pies y su relaci\u00f3n con los medicamentos.<br \/>\nPARTE 16 Farmacias del mundo \u2013 modelo Portugal<br \/>\nPARTE 17 El producto.<br \/>\nPARTE 18 Farmacias del mundo &#8211; Ventajas de ofrecer servicios en la farmacia.<br \/>\nParte 19 Nuestro 1er regalo para ti \u2013 paciente digital.<br \/>\nParte 20 Nuestro 2do regalo para ti \u2013 4 tips para tener en cuenta en la farmacia.<br \/>\nParte 21 Nuestro 3er regalo para ti \u2013 Farmacia offline como principal punto de venta, Canales m\u00e1s \u00f3ptimos en estrategias Healthcare, el contenido es el rey.<br \/>\nParte 22 Nuestro 4to regalo para ti \u2013 E-Consulta.<br \/>\nParte 23 Nuestro 4to regalo para ti \u2013 Atenci\u00f3n al cliente en la farmacia parte 1<br \/>\nParte 24 Nuestro 5to regalo para ti \u2013 Atenci\u00f3n al cliente en la farmacia parte 2<br \/>\nParte 25 Nuestro 6to regalo para ti \u2013 Los 10 mandamientos en la atenci\u00f3n al cliente<\/p>\n<p>ACERCA DEL PRODUCTOR<\/p>\n<p>Desarrollado por CARLOS RAUL NAVARRO.<\/p>\n<p>Docente.<br \/>\nCoach (Certif. IFC)<br \/>\nAPM &#8211; Profesional en la industria farmac\u00e9utica MP 434, habiendo ocupado diferentes cargos y roles, incluyendo equipos de ventas hasta la Coordinaci\u00f3n De Gerentes de productos y de diferentes zonas a nivel nacional.<br \/>\nEspecialista en marketing digital y farmac\u00e9utico.<br \/>\nPsic\u00f3logo social, especialista en din\u00e1micas grupales.<br \/>\nCapacitador en el \u00e1rea de empleo junto a emprendedores de diferentes pa\u00edses.<br \/>\nCreador del curso Auxiliar de farmacias premium para Latinoam\u00e9rica.<\/p>\n","protected":false},"excerpt":{"rendered":"<p>\u00bfAlguna vez te preguntaste como sobreviven las farmacias? \u00bfPor qu\u00e9 algunas farmacias tienen \u00e9xito mientras otras desaparecen sin dejar rastros? <\/p>\n<p>Tienes que conocer el MasterClass PHARMARKETING donde aprender\u00e1s a entender c\u00f3mo funcionan las \u201cFarmacias que venden\u201d en el mundo.<\/p>\n<p>Encuentra las claves del marketing estrat\u00e9gico aplicado a la industria farmac\u00e9utica con todos los diferenciales que realmente valoran los clientes para estimular una venta efectiva.<\/p>\n<p>Aprende sobre merchandising, la exhibici\u00f3n, el mobiliario y la estructura de un negocio On-Line y Off-line.<\/p>\n<p>PHARMARKETING: <\/p>\n<p>Es la clave que combina el marketing estrat\u00e9gico aplicado a la industria farmac\u00e9utica como (PDV) con el atributo diferencial del servicio al cliente, creando de esta manera un inbound que impacta directamente en el cliente online y offline por medio de im\u00e1genes, sonidos, experiencias, emociones y sensaciones.<\/p>\n<p>Para ello desarrollamos 25 m\u00f3dulos espec\u00edficos que te van a llevar desde cero a optimizar completamente tu farmacia, descubriendo los puntos ciegos o zonas fr\u00edas para optimizarlas y as\u00ed sacarle el m\u00e1ximo provecho por medio de nuestras diferentes estrategias.<\/p>\n<p> Puede que ya te encuentres trabajando en una farmacia o a\u00fan no, no importa, igual puedes aprender todas estas estrategias, seguramente te ayudar\u00e1n en tu hoja de vida para conseguir un empleo en una de las tantas farmacias que existen.<\/p>\n","protected":false},"featured_media":4994,"template":"","meta":{"_joinchat":[]},"product_brand":[],"product_cat":[333,344],"product_tag":[],"class_list":{"0":"post-13077","1":"product","2":"type-product","3":"status-publish","4":"has-post-thumbnail","6":"product_cat-negocios-y-marketing","7":"product_cat-todos","9":"first","10":"instock","11":"sale","12":"shipping-taxable","13":"product-type-external"},"_links":{"self":[{"href":"https:\/\/cursos.talentup.cl\/index.php?rest_route=\/wp\/v2\/product\/13077","targetHints":{"allow":["GET"]}}],"collection":[{"href":"https:\/\/cursos.talentup.cl\/index.php?rest_route=\/wp\/v2\/product"}],"about":[{"href":"https:\/\/cursos.talentup.cl\/index.php?rest_route=\/wp\/v2\/types\/product"}],"version-history":[{"count":2,"href":"https:\/\/cursos.talentup.cl\/index.php?rest_route=\/wp\/v2\/product\/13077\/revisions"}],"predecessor-version":[{"id":14831,"href":"https:\/\/cursos.talentup.cl\/index.php?rest_route=\/wp\/v2\/product\/13077\/revisions\/14831"}],"wp:featuredmedia":[{"embeddable":true,"href":"https:\/\/cursos.talentup.cl\/index.php?rest_route=\/wp\/v2\/media\/4994"}],"wp:attachment":[{"href":"https:\/\/cursos.talentup.cl\/index.php?rest_route=%2Fwp%2Fv2%2Fmedia&parent=13077"}],"wp:term":[{"taxonomy":"product_brand","embeddable":true,"href":"https:\/\/cursos.talentup.cl\/index.php?rest_route=%2Fwp%2Fv2%2Fproduct_brand&post=13077"},{"taxonomy":"product_cat","embeddable":true,"href":"https:\/\/cursos.talentup.cl\/index.php?rest_route=%2Fwp%2Fv2%2Fproduct_cat&post=13077"},{"taxonomy":"product_tag","embeddable":true,"href":"https:\/\/cursos.talentup.cl\/index.php?rest_route=%2Fwp%2Fv2%2Fproduct_tag&post=13077"}],"curies":[{"name":"wp","href":"https:\/\/api.w.org\/{rel}","templated":true}]}}