{"id":13079,"date":"2023-01-10T04:41:45","date_gmt":"2023-01-10T07:41:45","guid":{"rendered":"https:\/\/cursos.talentup.cl\/?post_type=product&#038;p=13079"},"modified":"2024-02-07T23:38:26","modified_gmt":"2024-02-08T02:38:26","slug":"marketing-digital-para-contadores","status":"publish","type":"product","link":"https:\/\/cursos.talentup.cl\/?product=marketing-digital-para-contadores","title":{"rendered":"MARKETING DIGITAL PARA CONTADORES"},"content":{"rendered":"<p>Seg\u00fan un estudio, solo el 2% de los profesionales invierten en publicidad digital.<\/p>\n<p>los contadores particularmente, carecen de una estrategia definida.<\/p>\n<p>Con el MasterClass, MARKETING DIGITAL PARA CONTADORES, aprende el ABC para tener mayor visibilidad hacia tus clientes.<\/p>\n<p>Ofrece online tus servicios contables, financieros o tributarios.<\/p>\n<p>Consigue un flujo constante de prospectos calificados y en autom\u00e1tico, sin depender de los referidos.<\/p>\n<p>Supera la brecha tecnol\u00f3gica y convi\u00e9rtete en un contador experto desarrollando campa\u00f1as digitales exitosas.<\/p>\n<p>\u00bfQU\u00c9 VAS A LOGRAR?<\/p>\n<p>Aprender\u00e1s a establecer un objetivo basado en el m\u00e9todo SMART.<\/p>\n<p>Aprender\u00e1s a dise\u00f1ar, crear e implementar las 4 mejores estrategias de Marketing Digital aplicable a la industria de la Contabilidad.<\/p>\n<p>Crear\u00e1s e implementar\u00e1s la estrategia de mensajes con manychat (inteligencia artificial para la industria contable).<\/p>\n<p>Crear\u00e1s e implementar\u00e1s la estrategia de tr\u00e1fico a whatsapp.<\/p>\n<p>Crear\u00e1s e implementar\u00e1s la estrategia de lead generation o clientes potenciales.<\/p>\n<p>Crear\u00e1s e implementar\u00e1s la estrategia de embudo de marketing.<\/p>\n<p>Crear\u00e1s un lead magnet para tu Estudio Contable (oferta irresistible).<\/p>\n<p>Crear\u00e1s e implementar\u00e1s tus activos digitales (fanpage, cuenta publicitaria, business manager, pixel de Facebook, etc.).<\/p>\n<p>Aprender\u00e1s a realizar tu primera campa\u00f1a publicitaria a trav\u00e9s de Facebook e Instagram paso a paso.<\/p>\n<p>Aprender\u00e1s como aumentar el ticket promedio por cliente ofreciendo a tus clientes un servicio adicional de alto valor.<\/p>\n<p>Aprender\u00e1s a analizar las principales m\u00e9tricas de tu campa\u00f1a para una mejor toma de decisiones y optimizaci\u00f3n.<\/p>\n<p>Acceder\u00e1s al certificado avalado por Hotmart y Seminarios Online.\t<\/p>\n<p>\u00bfC\u00d3MO LO VAS A LOGRAR?<\/p>\n<p>A trav\u00e9s de v\u00eddeos tutoriales y material descargable con una metodolog\u00eda paso a paso explicado de forma te\u00f3rica y pr\u00e1ctica con estrategias que est\u00e1n validadas en el mercado para implementar de inmediato en tu Estudio Contable. <\/p>\n<p>En este programa vas a encontrar un curso basado en una metodolog\u00eda paso a paso:<\/p>\n<p>Parte 1: Presentaci\u00f3n del curso.<\/p>\n<p>Parte 2: Contenido del curso.<\/p>\n<p>Parte 3: Objetivos del curso.<\/p>\n<p>Video 1: El fondo de la transformaci\u00f3n digital.<br \/>\nVideo 2: Los nuevos desaf\u00edos del profesional contable.<br \/>\nVideo 3: Beneficios de tener m\u00e1s clientes.<br \/>\nVideo 4: C\u00f3mo conseguir clientes.<\/p>\n<p>Parte 4: Diferencias entre la publicidad tradicional vs publicidad digital.<br \/>\nParte 5: Por qu\u00e9 hacer publicidad digital.<br \/>\nParte 6: Qu\u00e9 es tr\u00e1fico.<br \/>\nParte 7: Herramientas que necesito (opcional).<br \/>\nParte 8: Estableciendo el Objetivo de mi estudio contable.<br \/>\nParte 9: C\u00f3mo encontrar a tu P\u00fablico objetivo (Buyer persona).<br \/>\nParte 10: Qu\u00e9 es una Estrategia Digital.<br \/>\nParte 11: Las 4 mejores Estrategias para tu Estudio Contable.<\/p>\n<p>Video 5: Estrategia de tr\u00e1fico (parte te\u00f3rica)<br \/>\nVideo 6: Estrategia de tr\u00e1fico (parte pr\u00e1ctica)<br \/>\nVideo 7: Estrategia de mensajes (parte pr\u00e1ctica 1)<br \/>\nVideo 8: Estrategia de mensajes (parte practica 2)<br \/>\nVideo 9: Estrategia de mensajes (parte practica 3)<br \/>\nVideo 10: Estrategia de mensajes (parte practica 4)<br \/>\nVideo 11: Estrategia de mensajes (parte practica 5)<br \/>\nVideo 12: Estrategia de Lead Generation (parte 1)<br \/>\nVideo 13: Estrategia de Lead Generation (parte 2)<br \/>\nVideo 14: Estrategia de embudo de marketing (parte 1)<br \/>\nVideo 15: Estrategia de embudo de marketing (parte 2)<br \/>\nVideo 16: Estrategia de embudo de marketing (parte 3)<br \/>\nVideo 17: Estrategia de embudo de marketing (parte 4)<br \/>\nVideo 18: Estrategia de embudo de marketing (parte 5)<br \/>\nVideo 19: Estrategia de embudo de marketing (parte 6)<br \/>\nVideo 20: Estrategia de embudo de marketing (parte 7)<\/p>\n<p>Parte 12: Creaci\u00f3n de p\u00e1gina empresarial de Facebook.<\/p>\n<p>Parte 13: Creaci\u00f3n de Business manager y cuenta publicitaria.<\/p>\n<p>Parte 14: Verificaci\u00f3n de cuenta publicitaria.<\/p>\n<p>Parte 15: Creaci\u00f3n del pixel de Facebook.<\/p>\n<p>Parte 16: Configuraci\u00f3n del pixel en el sitio web.<\/p>\n<p>Parte 17: Verificaci\u00f3n de la actividad del pixel.<\/p>\n<p>Parte 18: Qu\u00e9 es hosting y dominio.<\/p>\n<p>Parte 19: Pasos para adquirir tu hosting y dominio.<\/p>\n<p>Parte 20: Instalaci\u00f3n el certificado de seguridad SSL.<\/p>\n<p>Parte 21: Instalaci\u00f3n de WordPress.<\/p>\n<p>Parte 22: Configuraciones b\u00e1sicas de WordPress.<\/p>\n<p>Parte 23: Estructura y Elementos de una campa\u00f1a publicitaria.<\/p>\n<p>Parte 24: Landing page y anatom\u00eda de un anuncio ganador.<\/p>\n<p>Parte 25: An\u00e1lisis del nicho de mercado.<\/p>\n<p>Parte 26: Objetivos de Facebook.<\/p>\n<p>Parte 27: Segmentaci\u00f3n en Facebook.<\/p>\n<p>Parte 28: Creaci\u00f3n de campa\u00f1a (parte 1).<\/p>\n<p>Parte 29: Creaci\u00f3n de campa\u00f1a (parte 2).<\/p>\n<p>Parte 30: An\u00e1lisis e interpretaci\u00f3n de m\u00e9tricas.<\/p>\n<p>BONUS<\/p>\n<p>Parte 31: Bonos &#8211; Modelo de Outsorcing.<br \/>\nParte 32: Bonos \u2013 Creaci\u00f3n de anuncios con Canva parte 1.<br \/>\nParte 33: Bonos \u2013 Creaci\u00f3n de anuncios con Canva parte 2.<\/p>\n<p>ACERCA DEL PRODUCTOR<\/p>\n<p>Desarrollado por WALTER GUZM\u00c1N GONZALEZ, Lic. en Administraci\u00f3n de Empresas, profesional t\u00e9cnico en Contabilidad y un apasionado del Marketing Digital, con m\u00e1s de 7 a\u00f1os de experiencia en el \u00e1rea comercial y ventas en el sector Financiero, pero sobre todo un emprendedor de la vida y un aprendiz por excelencia.<\/p>\n<p>Hace aproximadamente 1 a\u00f1o decidi\u00f3 emprender en este mundo fascinante del Marketing Digital y desde que inici\u00f3 supe que para tener \u00e9xito en esta industria y en cualquiera ten\u00eda que tener una estrategia, por lo cual decidi\u00f3 abrir un blog que tiene por nombre wmarketerpyme.com en donde abordo temas como: marketing, ventas, ecommerce de productos digitales, etc.<\/p>\n","protected":false},"excerpt":{"rendered":"<p>Seg\u00fan un estudio, solo el 2% de los profesionales invierten en publicidad digital.<\/p>\n<p>los contadores particularmente, carecen de una estrategia definida.<\/p>\n<p>Con el MasterClass, MARKETING DIGITAL PARA CONTADORES, aprende el ABC para tener mayor visibilidad hacia tus clientes.<\/p>\n<p>Ofrece online tus servicios contables, financieros o tributarios.<\/p>\n<p>Consigue un flujo constante de prospectos calificados y en autom\u00e1tico, sin depender de los referidos.<\/p>\n<p>Supera la brecha tecnol\u00f3gica y convi\u00e9rtete en un contador experto desarrollando campa\u00f1as digitales exitosas.<\/p>\n","protected":false},"featured_media":4996,"template":"","meta":{"_joinchat":[]},"product_brand":[],"product_cat":[333,344],"product_tag":[],"class_list":{"0":"post-13079","1":"product","2":"type-product","3":"status-publish","4":"has-post-thumbnail","6":"product_cat-negocios-y-marketing","7":"product_cat-todos","9":"first","10":"instock","11":"sale","12":"shipping-taxable","13":"product-type-external"},"_links":{"self":[{"href":"https:\/\/cursos.talentup.cl\/index.php?rest_route=\/wp\/v2\/product\/13079","targetHints":{"allow":["GET"]}}],"collection":[{"href":"https:\/\/cursos.talentup.cl\/index.php?rest_route=\/wp\/v2\/product"}],"about":[{"href":"https:\/\/cursos.talentup.cl\/index.php?rest_route=\/wp\/v2\/types\/product"}],"version-history":[{"count":2,"href":"https:\/\/cursos.talentup.cl\/index.php?rest_route=\/wp\/v2\/product\/13079\/revisions"}],"predecessor-version":[{"id":14833,"href":"https:\/\/cursos.talentup.cl\/index.php?rest_route=\/wp\/v2\/product\/13079\/revisions\/14833"}],"wp:featuredmedia":[{"embeddable":true,"href":"https:\/\/cursos.talentup.cl\/index.php?rest_route=\/wp\/v2\/media\/4996"}],"wp:attachment":[{"href":"https:\/\/cursos.talentup.cl\/index.php?rest_route=%2Fwp%2Fv2%2Fmedia&parent=13079"}],"wp:term":[{"taxonomy":"product_brand","embeddable":true,"href":"https:\/\/cursos.talentup.cl\/index.php?rest_route=%2Fwp%2Fv2%2Fproduct_brand&post=13079"},{"taxonomy":"product_cat","embeddable":true,"href":"https:\/\/cursos.talentup.cl\/index.php?rest_route=%2Fwp%2Fv2%2Fproduct_cat&post=13079"},{"taxonomy":"product_tag","embeddable":true,"href":"https:\/\/cursos.talentup.cl\/index.php?rest_route=%2Fwp%2Fv2%2Fproduct_tag&post=13079"}],"curies":[{"name":"wp","href":"https:\/\/api.w.org\/{rel}","templated":true}]}}