{"id":13251,"date":"2023-01-10T04:42:03","date_gmt":"2023-01-10T07:42:03","guid":{"rendered":"https:\/\/cursos.talentup.cl\/?post_type=product&#038;p=13251"},"modified":"2024-02-07T23:38:36","modified_gmt":"2024-02-08T02:38:36","slug":"crashing-la-estrategia-para-vender-en-automatico","status":"publish","type":"product","link":"https:\/\/cursos.talentup.cl\/?product=crashing-la-estrategia-para-vender-en-automatico","title":{"rendered":"CRASHING, LA ESTRATEGIA PARA VENDER EN AUTOM\u00c1TICO"},"content":{"rendered":"<p>\u00bfQU\u00c9 VAS A LOGRAR?<\/p>\n<p>\u00bfSab\u00edas que muchos marketeres se desgastan invirtiendo altas sumas de dinero para comercializar sus productos digitales sin tener un retorno a la inversi\u00f3n adecuado?<\/p>\n<p>Si eres uno de ellos no solo afectar\u00edas tu bolsillo si no tambi\u00e9n la motivaci\u00f3n para continuar en la industria del marketing de productos digitales. Aquellos que lo logran, ganan enormes sumas de dinero en uno de los negocios m\u00e1s rentables del mundo con un crecimiento exponencial sin precedentes.<\/p>\n<p>Hemos dise\u00f1ado una MasterClass perfectamente dise\u00f1ada para mejorar tus activos digitales. Con este producto puedes lograr:<\/p>\n<p>Ventas en autom\u00e1tico a trav\u00e9s de una estrategia pr\u00e1ctica y efectiva.<br \/>\nResultados incrementales permitiendo escalar el negocio.<br \/>\nUsar la tecnolog\u00eda del pixel de Facebook para generar los resultados logrados por los grandes.<br \/>\nAprender paso a paso y desde cero una de las mejores estrategias para vender productos digitales.<br \/>\nAccedes a dos plataformas conectadas para que las ventas lleguen directo y en autom\u00e1tico.<\/p>\n<p>Desarrollado por GREGORIO MORENO, Marketer profesional. Hoy en d\u00eda es uno de los mejores vendedores de Seminarios.online. Ha logrado con esta t\u00e9cnica<br \/>\nescalar productos digitales con resultados importantes.<\/p>\n<p>\u00bfC\u00d3MO LO VAS A LOGRAR?<\/p>\n<p>A partir de una MasterClass desarrollada a partir de 14 m\u00f3dulos con sus actualizaciones con una metodolog\u00eda f\u00e1cil y pr\u00e1ctica para comenzar a ganar dinero con una estrategia comprobada:<\/p>\n<p>Modulo 1 Conociendo todo el ecosistema crashing<\/p>\n<p>Modulo 2 Crear Administrador Comercial y Cuenta Publicitaria<\/p>\n<p>Modulo 3 Creaci\u00f3n de p\u00e1gina puente paso a paso<\/p>\n<p>M\u00f3dulo 4 Instalaci\u00f3n de Pixel <\/p>\n<p>M\u00f3dulo 5 Campa\u00f1a Vendedora Crashing sin CBO<\/p>\n<p>M\u00f3dulo 6 Campa\u00f1a Vendedora Crashing con CBO<\/p>\n<p>M\u00f3dulo 7 Optimizando Campa\u00f1as y Escalando<\/p>\n<p>M\u00f3dulo 8 Creando P\u00fablicos Personalizados Y Similares<\/p>\n<p>M\u00f3dulo 9 Im\u00e1genes Para Anuncios Que venden<\/p>\n<p>M\u00f3dulo 10 C\u00f3mo Escoger Un Producto Ganador<\/p>\n<p>M\u00f3dulo 11 Crashing con Full Intereses<\/p>\n<p>M\u00f3dulo 12 Herramienta Para Buscar Nichos Vendedores<\/p>\n<p>M\u00f3dulo 13 Resultados con la estrategia Crashing<\/p>\n<p>M\u00f3dulo 14 Bono Sesiones todos los domingos via zoom<\/p>\n<p>Bono: Actualizaciones.<\/p>\n","protected":false},"excerpt":{"rendered":"<p>\u00bfQU\u00c9 VAS A LOGRAR?<\/p>\n<p>\u00bfSab\u00edas que muchos marketeres se desgastan invirtiendo altas sumas de dinero para comercializar sus productos digitales sin tener un retorno a la inversi\u00f3n adecuado?<\/p>\n<p>Si eres uno de ellos no solo afectar\u00edas tu bolsillo si no tambi\u00e9n la motivaci\u00f3n para continuar en la industria del marketing de productos digitales. Aquellos que lo logran, ganan enormes sumas de dinero en uno de los negocios m\u00e1s rentables del mundo con un crecimiento exponencial sin precedentes.<\/p>\n<p>Hemos dise\u00f1ado una MasterClass perfectamente dise\u00f1ada para mejorar tus activos digitales. Con este producto puedes lograr:<\/p>\n<p>Ventas en autom\u00e1tico a trav\u00e9s de una estrategia pr\u00e1ctica y efectiva.<br \/>\nResultados incrementales permitiendo escalar el negocio.<br \/>\nUsar la tecnolog\u00eda del pixel de Facebook para generar los resultados logrados por los grandes.<br \/>\nAprender paso a paso y desde cero una de las mejores estrategias para vender productos digitales.<br \/>\nAccedes a dos plataformas conectadas para que las ventas lleguen directo y en autom\u00e1tico.<\/p>\n","protected":false},"featured_media":5080,"template":"","meta":{"_joinchat":[]},"product_brand":[],"product_cat":[333,344],"product_tag":[],"class_list":{"0":"post-13251","1":"product","2":"type-product","3":"status-publish","4":"has-post-thumbnail","6":"product_cat-negocios-y-marketing","7":"product_cat-todos","9":"first","10":"instock","11":"sale","12":"shipping-taxable","13":"product-type-external"},"_links":{"self":[{"href":"https:\/\/cursos.talentup.cl\/index.php?rest_route=\/wp\/v2\/product\/13251","targetHints":{"allow":["GET"]}}],"collection":[{"href":"https:\/\/cursos.talentup.cl\/index.php?rest_route=\/wp\/v2\/product"}],"about":[{"href":"https:\/\/cursos.talentup.cl\/index.php?rest_route=\/wp\/v2\/types\/product"}],"version-history":[{"count":2,"href":"https:\/\/cursos.talentup.cl\/index.php?rest_route=\/wp\/v2\/product\/13251\/revisions"}],"predecessor-version":[{"id":14917,"href":"https:\/\/cursos.talentup.cl\/index.php?rest_route=\/wp\/v2\/product\/13251\/revisions\/14917"}],"wp:featuredmedia":[{"embeddable":true,"href":"https:\/\/cursos.talentup.cl\/index.php?rest_route=\/wp\/v2\/media\/5080"}],"wp:attachment":[{"href":"https:\/\/cursos.talentup.cl\/index.php?rest_route=%2Fwp%2Fv2%2Fmedia&parent=13251"}],"wp:term":[{"taxonomy":"product_brand","embeddable":true,"href":"https:\/\/cursos.talentup.cl\/index.php?rest_route=%2Fwp%2Fv2%2Fproduct_brand&post=13251"},{"taxonomy":"product_cat","embeddable":true,"href":"https:\/\/cursos.talentup.cl\/index.php?rest_route=%2Fwp%2Fv2%2Fproduct_cat&post=13251"},{"taxonomy":"product_tag","embeddable":true,"href":"https:\/\/cursos.talentup.cl\/index.php?rest_route=%2Fwp%2Fv2%2Fproduct_tag&post=13251"}],"curies":[{"name":"wp","href":"https:\/\/api.w.org\/{rel}","templated":true}]}}