{"id":13313,"date":"2023-01-10T04:42:09","date_gmt":"2023-01-10T07:42:09","guid":{"rendered":"https:\/\/cursos.talentup.cl\/?post_type=product&#038;p=13313"},"modified":"2024-02-07T23:38:39","modified_gmt":"2024-02-08T02:38:39","slug":"el-negocio-de-las-huellas-3d-desde-casa","status":"publish","type":"product","link":"https:\/\/cursos.talentup.cl\/?product=el-negocio-de-las-huellas-3d-desde-casa","title":{"rendered":"EL NEGOCIO DE LAS HUELLAS 3D DESDE CASA"},"content":{"rendered":"<p>\u00bfTe gustar\u00eda tener un negocio que genere muy buenos ingresos y que los clientes te busquen a ti, en vez de t\u00fa a ellos? <\/p>\n<p>Con el Master Class EL NEGOCIO DE LAS HUELLAS 3D DESDE CASA, iniciar\u00e1s un emprendimiento novedoso plasmando recuerdos \u00fanicos mientras generas altos ingresos.<\/p>\n<p>\u00bfQU\u00c9 VAS A LOGRAR?<\/p>\n<p>Aprender\u00e1s y desarrollar\u00e1s un emprendimiento muy novedoso que est\u00e1 siendo excesivamente demandado por padres de familia, due\u00f1os de mascotas y parejas. <\/p>\n<p>Identificar\u00e1s la forma correcta de llegar a miles de personas que se encuentren interesado(a) en tu producto.<\/p>\n<p>Acceder\u00e1s al certificado avalado por Hotmart y Seminarios Online.<\/p>\n<p>\u00bfC\u00d3MO LO VAS A LOGRAR?<\/p>\n<p>A trav\u00e9s del siguiente contenido, estructurado paso a paso:<\/p>\n<p>MODULO 1 &#8211; PRESENTACI\u00d3N<\/p>\n<p>Bienvenida.<\/p>\n<p>M\u00d3DULO 2 &#8211; INICIO DE UN BONITO CAMINO HACIA EL EMPRENDIMIENTO<\/p>\n<p>\u00bfQu\u00e9 vas a lograr?<br \/>\n\u00bfC\u00f3mo lo vas a lograr?<br \/>\nMateriales.<\/p>\n<p>M\u00d3DULO 3 &#8211; TOMA DE HUELLAS<\/p>\n<p>Toma de huellas a beb\u00e9.<br \/>\nToma de huellas a ni\u00f1o.<br \/>\nToma de huellas de Pareja.<br \/>\nToma de huellas de Familia.<br \/>\nToma de huellas de mascota.<\/p>\n<p>M\u00d3DULO 4 &#8211; VACIADO<\/p>\n<p>Vaciado para huella de pareja.<br \/>\nVaciado para huella de mascota.<br \/>\nVaciado para huella familiar.<\/p>\n<p>M\u00d3DULO 5 &#8211; POSITIVADO<\/p>\n<p>Desmoldeo huella de beb\u00e9.<br \/>\nDesmoldeo huella de ni\u00f1o.<br \/>\nDesmoldeo huella de pareja.<br \/>\nDesmoldeo huella de mascota.<\/p>\n<p>M\u00d3DULO 6 &#8211; PULIENDO PIEZA Y CORRIGIENDO DETALLES.<\/p>\n<p>Pulido y correcci\u00f3n de detalles en huellas de beb\u00e9.<br \/>\nCorrigiendo y puliendo huellas de pareja.<\/p>\n<p>M\u00d3DULO 7 &#8211; PINTURA<\/p>\n<p>Pintura base para huellas.<br \/>\nPintando el cuadro.<br \/>\nPintado completo (oro metalizado).<br \/>\nAplicando pintura final a la huella (plateado).<\/p>\n<p>M\u00d3DULO 8 &#8211; ENVEJECIDO<\/p>\n<p>Envejecido huella de beb\u00e9 (plateada).<br \/>\nEnvejecido huella de ni\u00f1o (plateada).<br \/>\nEnvejecido huella de pareja (oro metalizado).<\/p>\n<p>M\u00d3DULO 9 &#8211; SELLADO<\/p>\n<p>Marco terminado para aplicar transparente.<br \/>\nAplicando transparente a huellas y marco.<\/p>\n<p>M\u00f3dulo 10 &#8211; LIENZO DIGITAL Y FUENTES.<\/p>\n<p>Elaboraci\u00f3n de lienzo digital.<br \/>\nSelecci\u00f3n de fuentes para letras.<\/p>\n<p>M\u00f3dulo 11 &#8211; INSTALACI\u00d3N COMPLETA DE CUADRO<\/p>\n<p>Instalaci\u00f3n de cuadro completa.<\/p>\n<p>M\u00d3DULO 12 &#8211; BONO 1 &#8211; IM\u00c1GENES QUE ATRAEN CLIENTES<\/p>\n<p>\u00bfQu\u00e9 es Canva?<br \/>\n\u00bfC\u00f3mo puede Canva ayudar a mi negocio?<br \/>\nConociendo Canva.<br \/>\nIm\u00e1genes que atraen clientes.<br \/>\nIm\u00e1genes que captan clientes (TLF M\u00f3vil).<br \/>\nCreando carrusel para Instagram.<br \/>\nCreando Puzzle para Instagram.<\/p>\n<p>M\u00d3DULO 13 &#8211; BONO 2 &#8211; VIDEOS QUE ATRAEN CLIENTES<\/p>\n<p>\u00bfQu\u00e9 es Filmora?<br \/>\n\u00bfC\u00f3mo puede ayudar Filmora a mi negocio?<br \/>\n\u00bfQu\u00e9 es Capcut?<br \/>\n\u00bfC\u00f3mo puede Capcut ayudar a mi negocio?<br \/>\nConociendo Filmora.<br \/>\nCreando video que atrae clientes con Filmora.<br \/>\nExportando proyecto en Filmora.<br \/>\nCreando video que atrae clientes con Capcut.<br \/>\nExportando proyecto en Capcut.<\/p>\n<p>M\u00d3DULO 14 &#8211; VIDEO RESPUESTAS<\/p>\n<p>Bienvenida video respuestas.<br \/>\n\u00bfEstar\u00e9 s\u00f3lo(a) en este camino?<br \/>\n\u00bfEn qu\u00e9 costo puedo vender mis prendas?<br \/>\n\u00bfLas huellas debo tomarlas en mi casa o a domicilio?<br \/>\n\u00bfC\u00f3mo muestro lo que vender\u00e9 si apenas comienzo?<br \/>\n\u00bfD\u00f3nde comprar los materiales?<br \/>\n\u00bfQu\u00e9 tama\u00f1o debe tener la fotograf\u00eda que va en el cuadro?<\/p>\n<p>M\u00d3DULO 15 &#8211; \u00bfC\u00d3MO OBTENER TU CERTIFICADO?<\/p>\n<p>\u00bfC\u00f3mo obtener tu certificado?<\/p>\n<p>ACERCA DEL PRODUCTOR<\/p>\n<p>Desarrollado por JES\u00daS ADOLFO CONTRERAS, Administrador e Inform\u00e1tico, creador de la marca 3D Family, es un emprendedor apasionado por la familia y los recuerdos que podemos guardar de ellas. <\/p>\n<p>Se encuentra constantemente en la b\u00fasqueda de nuevas oportunidades que tengan relaci\u00f3n con la familia y perpetuar momentos \u00fanicos, tiene emprendimientos de estampados, bordados d\u00f3nde siempre se relacione la familia y un recuerdo inolvidable. <\/p>\n<p>Actualmente, tambi\u00e9n maneja su marca personal c\u00f3mo consultor de Marketing Digital para apoyar a otros emprendedores a elevar sus ventas.<\/p>\n","protected":false},"excerpt":{"rendered":"<p>\u00bfTe gustar\u00eda tener un negocio que genere muy buenos ingresos y que los clientes te busquen a ti, en vez de t\u00fa a ellos? <\/p>\n<p>Con el Master Class EL NEGOCIO DE LAS HUELLAS 3D DESDE CASA, iniciar\u00e1s un emprendimiento novedoso plasmando recuerdos \u00fanicos mientras generas altos ingresos.<\/p>\n","protected":false},"featured_media":6603,"template":"","meta":{"_joinchat":[]},"product_brand":[],"product_cat":[334,344],"product_tag":[],"class_list":{"0":"post-13313","1":"product","2":"type-product","3":"status-publish","4":"has-post-thumbnail","6":"product_cat-otros","7":"product_cat-todos","9":"first","10":"instock","11":"sale","12":"shipping-taxable","13":"product-type-external"},"_links":{"self":[{"href":"https:\/\/cursos.talentup.cl\/index.php?rest_route=\/wp\/v2\/product\/13313","targetHints":{"allow":["GET"]}}],"collection":[{"href":"https:\/\/cursos.talentup.cl\/index.php?rest_route=\/wp\/v2\/product"}],"about":[{"href":"https:\/\/cursos.talentup.cl\/index.php?rest_route=\/wp\/v2\/types\/product"}],"version-history":[{"count":2,"href":"https:\/\/cursos.talentup.cl\/index.php?rest_route=\/wp\/v2\/product\/13313\/revisions"}],"predecessor-version":[{"id":14944,"href":"https:\/\/cursos.talentup.cl\/index.php?rest_route=\/wp\/v2\/product\/13313\/revisions\/14944"}],"wp:featuredmedia":[{"embeddable":true,"href":"https:\/\/cursos.talentup.cl\/index.php?rest_route=\/wp\/v2\/media\/6603"}],"wp:attachment":[{"href":"https:\/\/cursos.talentup.cl\/index.php?rest_route=%2Fwp%2Fv2%2Fmedia&parent=13313"}],"wp:term":[{"taxonomy":"product_brand","embeddable":true,"href":"https:\/\/cursos.talentup.cl\/index.php?rest_route=%2Fwp%2Fv2%2Fproduct_brand&post=13313"},{"taxonomy":"product_cat","embeddable":true,"href":"https:\/\/cursos.talentup.cl\/index.php?rest_route=%2Fwp%2Fv2%2Fproduct_cat&post=13313"},{"taxonomy":"product_tag","embeddable":true,"href":"https:\/\/cursos.talentup.cl\/index.php?rest_route=%2Fwp%2Fv2%2Fproduct_tag&post=13313"}],"curies":[{"name":"wp","href":"https:\/\/api.w.org\/{rel}","templated":true}]}}