{"id":13523,"date":"2023-01-10T04:42:31","date_gmt":"2023-01-10T07:42:31","guid":{"rendered":"https:\/\/cursos.talentup.cl\/?post_type=product&#038;p=13523"},"modified":"2024-02-07T23:38:50","modified_gmt":"2024-02-08T02:38:50","slug":"tu-mejor-version-fit-de-forma-natural","status":"publish","type":"product","link":"https:\/\/cursos.talentup.cl\/?product=tu-mejor-version-fit-de-forma-natural","title":{"rendered":"TU MEJOR VERSI\u00d3N FIT DE FORMA NATURAL"},"content":{"rendered":"<p>\u00bfTe gustar\u00eda esculpir tu cuerpo construyendo m\u00fasculos que te duren toda la vida?<\/p>\n<p>Con el MasterClass TU MEJOR VERSI\u00d3N FIT DE FORMA NATURAL, aprender\u00e1s como entrenar de una forma pr\u00e1ctica, funcional y guiada.<\/p>\n<p>\u00bfQU\u00c9 VAS A LOGRAR?<\/p>\n<p>Desarrollar\u00e1s tu entrenamiento de una forma ordenada y basada en ciencia, y se te dar\u00e1 todo el conocimiento en este programa. <\/p>\n<p>Entender\u00e1s f\u00e1cilmente por qu\u00e9 la hipertrofia muscular es la mejor alternativa para construir un cuerpo fit.<\/p>\n<p>Se te entregar\u00e1 toda la metodolog\u00eda paso a paso, desde cero hasta llegar a los resultados, para que t\u00fa tambi\u00e9n alcances un cuerpo tonificado y voluminoso de forma natural.<\/p>\n<p>Lograr\u00e1s el entendimiento de herramientas tecnol\u00f3gicas que simplifican tu proceso.<\/p>\n<p>Aprender\u00e1s rutinas que puedes aplicar en cualquier gimnasio y en cualquier momento.<\/p>\n<p>Lograr\u00e1s el equilibrio perfecto entre fuerza, resistencia y tu mejor versi\u00f3n muscular de forma natural.<\/p>\n<p>Acceder\u00e1s al certificado avalado por Hotmart y Seminarios Online.<\/p>\n<p>\u00bfC\u00d3MO LO VAS A LOGRAR?<\/p>\n<p>A trav\u00e9s del siguiente contenido, estructurado paso a paso:<\/p>\n<p>M\u00f3dulo No.1 &#8211; Hipertrofia Total (tu mejor versi\u00f3n fit de forma natural)<\/p>\n<p>\u00bfPor qu\u00e9 entrenar?<br \/>\nProyecci\u00f3n general.<br \/>\n\u00bfQu\u00e9 tanto sabes de entrenamiento?<br \/>\nPaso 1 (comenzar el cambio).<br \/>\nPaso 2 (comenzar el cambio).<br \/>\nPaso 3 (comienza el cambio).<br \/>\nPaso 4 (comienza el cambio).<\/p>\n<p>M\u00f3dulo No 2 &#8211; Semana de Adaptaci\u00f3n<\/p>\n<p>D\u00eda 1 adaptaci\u00f3n hipertrofia total.<br \/>\nD\u00eda 2 adaptaci\u00f3n hipertrofia total.<br \/>\nD\u00eda 4 adaptaci\u00f3n hipertrofia total.<br \/>\nD\u00eda 5 adaptaci\u00f3n hipertrofia total.<br \/>\nD\u00eda 6 adaptaci\u00f3n hipertrofia total.<\/p>\n<p>M\u00f3dulo No 3 &#8211; Semana 1 hipertrofia total<\/p>\n<p>Plantilla progresos semana 1 hipertrofia total.<br \/>\nIntroducci\u00f3n semana 1 hipertrofia total.<br \/>\nD\u00eda 1 semana 1 hipertrofia total.<br \/>\nD\u00eda 2 semana 1 hipertrofia total.<br \/>\nD\u00eda 3 semana 1 hipertrofia total.<br \/>\nD\u00eda 4 semana 1 hipertrofia total.<\/p>\n<p>M\u00f3dulo No 4 &#8211; Semana 2 hipertrofia total<\/p>\n<p>Introducci\u00f3n semana 2 hipertrofia total.<br \/>\nD\u00eda 1 semana 2 hipertrofia total.<br \/>\nD\u00eda 2 semana 2 hipertrofia total.<br \/>\nD\u00eda 3 semana 2 hipertrofia total.<br \/>\nD\u00eda 4 semana 2 hipertrofia total.<br \/>\nD\u00eda 5 semana 2 hipertrofia total.<\/p>\n<p>M\u00f3dulo No 5 &#8211; Semana 3 hipertrofia total<\/p>\n<p>Introducci\u00f3n semana 3 hipertrofia total.<br \/>\nD\u00eda 1 semana 3 hipertrofia total.<br \/>\nD\u00eda 2 semana 3 hipertrofia total.<br \/>\nD\u00eda 3 semana 3 hipertrofia total.<br \/>\nD\u00eda 4 semana 3 hipertrofia total.<\/p>\n<p>M\u00f3dulo No 6 &#8211; Semana 4 hipertrofia total<\/p>\n<p>Control de progresos semana 4 hipertrofia total.<br \/>\nIntroducci\u00f3n semana 4 hipertrofia total.<br \/>\nD\u00eda 1 semana 4 hipertrofia total.<br \/>\nD\u00eda 2 semana 4 hipertrofia total.<br \/>\nD\u00eda 3 semana 4 hipertrofia total.<br \/>\nD\u00eda 4 semana 4 hipertrofia total.<br \/>\nD\u00eda 5 semana 4 hipertrofia total.<\/p>\n<p>M\u00f3dulo No 7 &#8211; Semana 5 hipertrofia total<\/p>\n<p>Introducci\u00f3n semana 5.<br \/>\nD\u00eda 1 semana 5 hipertrofia total.<br \/>\nD\u00eda 2 semana 5 hipertrofia total.<br \/>\nD\u00eda 3 semana 5 hipertrofia total.<br \/>\nD\u00eda 4 semana 5 hipertrofia total.<\/p>\n<p>M\u00f3dulo No 8 &#8211; Semana 6 hipertrofia total<\/p>\n<p>Introducci\u00f3n semana 6 hipertrofia total.<br \/>\nD\u00eda 1 semana 6 hipertrofia total.<br \/>\nD\u00eda 2 semana 6 hipertrofia total.<br \/>\nD\u00eda 3 semana 6 hipertrofia total.<br \/>\nd\u00eda 4 semana 6 hipertrofia total.<br \/>\nD\u00eda 5 semana 6 hipertrofia total.<\/p>\n<p>M\u00f3dulo No 9 &#8211; Semana 7 hipertrofia total<\/p>\n<p>Introducci\u00f3n semana 7 hipertrofia total.<br \/>\nD\u00eda 1 semana 7 hipertrofia total.<br \/>\nD\u00eda 2 semana 7 hipertrofia total.<br \/>\nD\u00eda 3 semana 7 hipertrofia total.<br \/>\nD\u00eda 4 semana 7 hipertrofia total.<\/p>\n<p>M\u00f3dulo No 10 &#8211; Semana 8 hipertrofiara total<\/p>\n<p>Control de progresos semana 8.<br \/>\nIntroducci\u00f3n semana 8 hipertrofia total.<br \/>\nD\u00eda 1 semana 8 hipertrofia total.<br \/>\nD\u00eda 2 semana 8 hipertrofia total.<br \/>\nD\u00eda 3 semana 8 hipertrofia total.<br \/>\nD\u00eda 4 semana 8 hipertrofia total.<br \/>\nD\u00eda 5 semana 8 hipertrofia total.<\/p>\n<p>M\u00f3dulo No 11 &#8211; Material adicional &#8211; Bonos<\/p>\n<p>Importante PDF Conceptos.<br \/>\nExcel plantillas progresos semana 1,4,8.<br \/>\nHerramientas (conteo cal\u00f3rico) FAT SECRET.<br \/>\nMi play list.<\/p>\n<p>M\u00f3dulo No 12 &#8211; Preguntas y respuestas<\/p>\n<p>\u00bfCu\u00e1ntas veces puedo repetir la rutina?<br \/>\n\u00bfQu\u00e9 hago si falto un d\u00eda al entrenamiento?<br \/>\n\u00bfQu\u00e9 hago si no encuentro la misma m\u00e1quina?<br \/>\n\u00bfQu\u00e9 hago si me duelen mucho los m\u00fasculos?<br \/>\n\u00bfCu\u00e1ndo comienzo a ver resultados?<br \/>\n\u00bfPodre entrenar dos veces en el mismo d\u00eda?<br \/>\n\u00bfSi soy \u00abflaco\u00bb o \u00abgordo\u00bb puedo entrenar?<\/p>\n<p>UPSELL (10 pasos para competir por primera vez de manera natural)<\/p>\n<p>Convencimiento, Preparativos e informaci\u00f3n, Tiempo.<br \/>\nPorcentaje de grasa, cardio, alimentaci\u00f3n.<br \/>\nDepilaci\u00f3n, bronceado, pesaje.<br \/>\nShow day.<\/p>\n<p>ACERCA DEL PRODUCTOR<\/p>\n<p>Desarrollado por LUIS CARLOS GITAN, atleta profesional experto certificado en entrenamiento y preparaci\u00f3n f\u00edsica, con m\u00e1s de 7 a\u00f1os de experiencia en desarrollo HIPERTROFIA MUSCULAR NATURAL. <\/p>\n<p>Ha ganado premios y reconocimientos a nivel internacional de fisicoculturismo y preparaci\u00f3n de atletas.<\/p>\n<p>Actualmente, se desarrolla como tutor en academias de entrenamiento y preparaci\u00f3n f\u00edsica, adem\u00e1s es asesor y consultor de personas que requieren instrucciones precisas para alcanzar objetivos f\u00edsicos.<\/p>\n","protected":false},"excerpt":{"rendered":"<p>\u00bfTe gustar\u00eda esculpir tu cuerpo construyendo m\u00fasculos que te duren toda la vida?<\/p>\n<p>Con el MasterClass TU MEJOR VERSI\u00d3N FIT DE FORMA NATURAL, aprender\u00e1s como entrenar de una forma pr\u00e1ctica, funcional y guiada.<\/p>\n","protected":false},"featured_media":5144,"template":"","meta":{"_joinchat":[]},"product_brand":[],"product_cat":[337,344],"product_tag":[],"class_list":{"0":"post-13523","1":"product","2":"type-product","3":"status-publish","4":"has-post-thumbnail","6":"product_cat-salud-y-deportes","7":"product_cat-todos","9":"first","10":"instock","11":"sale","12":"shipping-taxable","13":"product-type-external"},"_links":{"self":[{"href":"https:\/\/cursos.talentup.cl\/index.php?rest_route=\/wp\/v2\/product\/13523","targetHints":{"allow":["GET"]}}],"collection":[{"href":"https:\/\/cursos.talentup.cl\/index.php?rest_route=\/wp\/v2\/product"}],"about":[{"href":"https:\/\/cursos.talentup.cl\/index.php?rest_route=\/wp\/v2\/types\/product"}],"version-history":[{"count":2,"href":"https:\/\/cursos.talentup.cl\/index.php?rest_route=\/wp\/v2\/product\/13523\/revisions"}],"predecessor-version":[{"id":15050,"href":"https:\/\/cursos.talentup.cl\/index.php?rest_route=\/wp\/v2\/product\/13523\/revisions\/15050"}],"wp:featuredmedia":[{"embeddable":true,"href":"https:\/\/cursos.talentup.cl\/index.php?rest_route=\/wp\/v2\/media\/5144"}],"wp:attachment":[{"href":"https:\/\/cursos.talentup.cl\/index.php?rest_route=%2Fwp%2Fv2%2Fmedia&parent=13523"}],"wp:term":[{"taxonomy":"product_brand","embeddable":true,"href":"https:\/\/cursos.talentup.cl\/index.php?rest_route=%2Fwp%2Fv2%2Fproduct_brand&post=13523"},{"taxonomy":"product_cat","embeddable":true,"href":"https:\/\/cursos.talentup.cl\/index.php?rest_route=%2Fwp%2Fv2%2Fproduct_cat&post=13523"},{"taxonomy":"product_tag","embeddable":true,"href":"https:\/\/cursos.talentup.cl\/index.php?rest_route=%2Fwp%2Fv2%2Fproduct_tag&post=13523"}],"curies":[{"name":"wp","href":"https:\/\/api.w.org\/{rel}","templated":true}]}}