{"id":13575,"date":"2023-01-10T04:42:37","date_gmt":"2023-01-10T07:42:37","guid":{"rendered":"https:\/\/cursos.talentup.cl\/?post_type=product&#038;p=13575"},"modified":"2024-02-07T23:38:53","modified_gmt":"2024-02-08T02:38:53","slug":"tecnicas-de-respiracion-distension-y-meditacion-para-tu-rendimiento","status":"publish","type":"product","link":"https:\/\/cursos.talentup.cl\/?product=tecnicas-de-respiracion-distension-y-meditacion-para-tu-rendimiento","title":{"rendered":"T\u00c9CNICAS DE RESPIRACI\u00d3N, DISTENSI\u00d3N Y MEDITACI\u00d3N PARA TU RENDIMIENTO"},"content":{"rendered":"<p>Gran parte de la poblaci\u00f3n tiene problemas de bajo rendimiento acad\u00e9mico o laboral debido a que no logran enfocarse y concentrase para ejecutar las tareas de manera eficaz.<\/p>\n<p>El MASTER CLASS T\u00c9CNICAS DE RESPIRACI\u00d3N, DISTENSI\u00d3N Y MEDITACI\u00d3N PARA TU RENDIMIENTO, te permitir\u00e1 potenciar tu rendimiento a todo nivel y resolver el origen de dichos conflictos, dentro de ellos el estr\u00e9s y la ansiedad, dos de los factores m\u00e1s influyentes en la disminuci\u00f3n de la eficacia y productividad.<\/p>\n<p>\u00bfQU\u00c9 VAS A LOGRAR?<\/p>\n<p>Disminuir\u00e1s significativamente los niveles de estr\u00e9s y ansiedad, dos de los factores m\u00e1s influyentes en la disminuci\u00f3n de la eficacia y productividad.<\/p>\n<p>Resolver\u00e1s tus problemas de atenci\u00f3n, concentraci\u00f3n y enfoque.<\/p>\n<p>Descubrir\u00e1s y\/o potenciaras tus habilidades y talentos.<\/p>\n<p>Aprender\u00e1s a gestionar tus emociones y pensamientos de manera progresiva y natural.<\/p>\n<p>Aumentar\u00e1s tu autoestima, seguridad y confianza.<\/p>\n<p>Aprender\u00e1s el arte de hacer \u201cuna cosa a la vez\u201d, que impulsar\u00e1 tu eficacia exponencialmente.<\/p>\n<p>Crear\u00e1s h\u00e1bitos saludables, lo que mejorar\u00e1 enormemente tu calidad de vida.<\/p>\n<p>Mejorar\u00e1s la funcionalidad de los dos hemisferios cerebrales y equilibrar\u00e1s las polaridades en tu cuerpo.<\/p>\n<p>Conectar\u00e1s con estados subconscientes e intuitivos de manera recurrente y as\u00ed encontrar\u00e1s las soluciones a situaciones o problemas de manera m\u00e1s r\u00e1pida y efectiva, adem\u00e1s de potenciar tu creatividad.<\/p>\n<p>Aprender\u00e1s a respirar de la manera correcta, logrando mayor flujo de ox\u00edgeno en tu organismo, mejorando tu capacidad respiratoria, metabolismo y salud integral.<\/p>\n<p>Distensionar\u00e1s las diferentes articulaciones, desbloquear\u00e1s y relajar\u00e1s m\u00fasculos (aliviar\u00e1s dolores musculares).<\/p>\n<p>Fortalecer\u00e1s tu sistema inmune y equilibrar\u00e1s el sistema nervioso (activar\u00e1s el parasimp\u00e1tico).<\/p>\n<p>Desintoxicar\u00e1s tu organismo con ayuda de pr\u00e1cticas localizadas.<\/p>\n<p>Aumentar\u00e1s los niveles de endorfinas, serotonina, dopamina y oxitocina en tu cuerpo, lo que se expresa en mayor alegr\u00eda, relajamiento, placer, tranquilidad, confort y plenitud en tu vida.<\/p>\n<p>Disminuir\u00e1s los altos niveles de cortisol, norepinefrina (noradrenalina) y epinefrina que segrega el cuerpo de manera recurrente en situaciones de estr\u00e9s, ansiedad o peligro, siendo el origen de m\u00faltiples problemas de salud f\u00edsica, mental y emocional.<\/p>\n<p>Reducir\u00e1s la presi\u00f3n arterial alta y disminuir\u00e1s factores de riesgo de enfermedades cr\u00f3nicas.<\/p>\n<p>Mejorar\u00e1s la calidad del sue\u00f1o y aliviaras afecciones cr\u00f3nicas como el insomnio y la depresi\u00f3n.<\/p>\n<p>Ayudar\u00e1s a tratar de manera efectiva enfermedades recurrentes del presente siglo XXI como lo son: el s\u00edndrome de burnout (fatiga por estr\u00e9s laboral), el desgaste profesional, y la adicci\u00f3n a videojuegos y redes sociales. <\/p>\n<p>Mantendr\u00e1s equilibrio din\u00e1mico entre cuerpo, mente y esp\u00edritu y lograras con la pr\u00e1ctica constante, sanaci\u00f3n fisicoemocional.<\/p>\n<p>Balancear\u00e1s y potenciaras los aspectos l\u00f3gicos\/anal\u00edticos y los creativos\/intuitivos.<\/p>\n<p>Lograras altos niveles de concentraci\u00f3n y control mental, mediante la pr\u00e1ctica diaria de la meditaci\u00f3n.<\/p>\n<p>Iniciar\u00e1s un proceso de introspecci\u00f3n, autodescubrimiento y realizaci\u00f3n integral de manera pr\u00e1ctica.<\/p>\n<p>Conectar\u00e1s con la fuente de energ\u00eda vital, con tu ser interno, que te permitir\u00e1 fluir y sobrepasar los altibajos de la vida con mayor tranquilidad y aceptaci\u00f3n.<\/p>\n<p>Acceder\u00e1s al certificado avalado por Hotmart y Seminarios Online.<\/p>\n<p>\u00bfC\u00d3MO LO VAS A LOGRAR?<\/p>\n<p>A trav\u00e9s del siguiente contenido estructurado paso a paso:<\/p>\n<p>M\u00d3DULO 1. Introducci\u00f3n, Recomendaciones y Metodolog\u00eda.<\/p>\n<p>M\u00f3dulo 1. Video 1 &#8211; Intro del Programa.<br \/>\nM\u00f3dulo 1. Video 2 &#8211; Intro del M\u00f3dulo 1.<br \/>\nM\u00f3dulo 1. Video 3 &#8211; Bienvenida y Testimonio personal.<br \/>\nM\u00f3dulo 1. Video 4 &#8211; \u00bfQu\u00e9 lograr\u00e1s y C\u00f3mo lo har\u00e1s?<br \/>\nM\u00f3dulo 1. Video 5 &#8211; Metodolog\u00eda y Recomendaciones.<br \/>\nM\u00f3dulo 1. Video 6 &#8211; Problem\u00e1tica, Soluciones y Referentes.<br \/>\nM\u00f3dulo 1. Video 7- Regalo personalizado, Grupos y Material de apoyo.<\/p>\n<p>M\u00d3DULO 2. T\u00e9cnicas de Respiraci\u00f3n.<\/p>\n<p>M\u00f3dulo 2. Video 8 &#8211; Intro del M\u00f3dulo 2.<br \/>\nM\u00f3dulo 2. Video 9 &#8211; Introducci\u00f3n a las T\u00e9cnicas de Respiraci\u00f3n.<br \/>\nM\u00f3dulo 2. Video 10 &#8211; Tipos de Respiraci\u00f3n y su Efectividad.<br \/>\nM\u00f3dulo 2. Video 11 &#8211; Respiraci\u00f3n B\u00e1sica Consciente.<br \/>\nM\u00f3dulo 2. Video 12 &#8211; Respiraci\u00f3n en Luz Sanadora.<br \/>\nM\u00f3dulo 2. Video 13 &#8211; Respiraci\u00f3n Sonora Relajante.<br \/>\nM\u00f3dulo 2. Video 14 &#8211; Respiraci\u00f3n para Activar Energ\u00eda y Refrescar.<br \/>\nM\u00f3dulo 2. Video 15 &#8211; Respiraci\u00f3n para Balancear Polaridades.<br \/>\nM\u00f3dulo 2. Video 16 &#8211; Compartir y S\u00edntesis del M\u00f3dulo 2.<\/p>\n<p>M\u00d3DULO 3. T\u00e9cnicas de Distensi\u00f3n.<\/p>\n<p>M\u00f3dulo 3. Video 17 &#8211; Intro del M\u00f3dulo 3.<br \/>\nM\u00f3dulo 3. Video 18 &#8211; Introducci\u00f3n a las T\u00e9cnicas de Distensi\u00f3n.<br \/>\nM\u00f3dulo 3. Video 19 &#8211; Distensi\u00f3n Mitad Inferior.<br \/>\nM\u00f3dulo 3. Video 20 &#8211; Distensi\u00f3n Mitad Superior.<br \/>\nM\u00f3dulo 3. Video 21 &#8211; Distensi\u00f3n de Extremidades, Columna, Sistema Nervioso.<br \/>\nM\u00f3dulo 3. Video 22 &#8211; Distensi\u00f3n de Espalda, Cuello, Hombros.<br \/>\nM\u00f3dulo 3. Video 23 &#8211; Distensi\u00f3n con Equilibrio y Coordinaci\u00f3n.<br \/>\nM\u00f3dulo 3. Video 24 &#8211; Distensi\u00f3n de Abdomen, Cadera, Torso.<br \/>\nM\u00f3dulo 3. Video 25 &#8211; Compartir y S\u00edntesis del M\u00f3dulo 3.<\/p>\n<p>M\u00d3DULO 4. T\u00e9cnicas de Meditaci\u00f3n.<\/p>\n<p>M\u00f3dulo 4. Video 26 &#8211; Intro del M\u00f3dulo 4.<br \/>\nM\u00f3dulo 4. Video 27 &#8211; Introducci\u00f3n a las T\u00e9cnicas de Meditaci\u00f3n.<br \/>\nM\u00f3dulo 4. Video 28 &#8211; Ventajas y Beneficios de Meditar.<br \/>\nM\u00f3dulo 4. Video 29 &#8211; Condiciones previas para Meditar.<br \/>\nM\u00f3dulo 4. Video 30 &#8211; Contemplaci\u00f3n Naturaleza.<br \/>\nM\u00f3dulo 4. Video 31 &#8211; Visualizaci\u00f3n.<br \/>\nM\u00f3dulo 4. Video 32 &#8211; Meditaci\u00f3n M\u00e1ntrica.<br \/>\nM\u00f3dulo 4. Video 33 &#8211; \u00bfQui\u00e9n soy yo?<br \/>\nM\u00f3dulo 4. Video 34 &#8211; Meditaci\u00f3n Vipassana.<br \/>\nM\u00f3dulo 4. Video 35 &#8211; Meditaci\u00f3n Jyoti.<br \/>\nM\u00f3dulo 4. Video 36 &#8211; Compartir y S\u00edntesis del M\u00f3dulo 4.<br \/>\nM\u00f3dulo 4. Video 37 &#8211; Esencia y Alcance de la Meditaci\u00f3n.<\/p>\n<p>BONUS<\/p>\n<p>M\u00d3DULO 5. Integraci\u00f3n de T\u00e9cnicas y m\u00e1s Regalos.<\/p>\n<p>M\u00f3dulo 5. Video 38 &#8211; Intro del M\u00f3dulo 5.<br \/>\nM\u00f3dulo 5. Video 39 &#8211; Introducci\u00f3n a la Integraci\u00f3n de T\u00e9cnicas y m\u00e1s Regalos.<br \/>\nM\u00f3dulo 5. Video 40 &#8211; Integraci\u00f3n de T\u00e9cnicas. Pr\u00e1ctica 1.<br \/>\nM\u00f3dulo 5. Video 41 &#8211; Integraci\u00f3n de T\u00e9cnicas. Pr\u00e1ctica 2.<br \/>\nM\u00f3dulo 5. Video 42 &#8211; Tour web.<br \/>\nM\u00f3dulo 5. Video 43 &#8211; Letras de oro.<br \/>\nM\u00f3dulo 5. Video 44 &#8211; Reflexi\u00f3n y un hasta luego.<\/p>\n<p>ACERCA DEL PRODUCTOR<\/p>\n<p>Desarrollado por MANIK MUKTI (JOSEL\u00cdN DUARTE VELANDIA), Cient\u00edfico y artista, facilitador y director de terapias alternativas en AAMA: Aqu\u00ed y Ahora Meditando en Acci\u00f3n, Sistema l\u00fadico y hol\u00edstico para el mejoramiento del rendimiento acad\u00e9mico-laboral, la sanaci\u00f3n fisicoemocional, el autodescubrimiento y el crecimiento integral. <\/p>\n<p>Profesional en Qu\u00edmica de la Universidad Nacional de Colombia. Su sensibilidad y conexi\u00f3n con el medio ambiente lo llevaron a enfocar parte de su formaci\u00f3n cient\u00edfica en el cuidado de la Madre tierra: de all\u00ed surgi\u00f3 el emprendimiento ambiental y educativo: Agua Viva y Vital (uno de los Programas esenciales de AAMA), del cual es investigador, director cient\u00edfico, conferencista y tallerista.<\/p>\n<p>Con formaci\u00f3n integral y en altos valores, en la l\u00fadica y juegos alternativos, recibi\u00f3 tambi\u00e9n de sus padres varias t\u00e9cnicas y conocimientos cient\u00edficos, artesanales y espirituales, los cuales son pilares de su esencia y cosmovisi\u00f3n. Esto le permiti\u00f3 ser un estudiante destacado durante todos los grados de su formaci\u00f3n acad\u00e9mica (con numerosos premios, becas y reconocimientos); le ha facilitado brindar asesor\u00edas acad\u00e9micas con enfoque hol\u00edstico a cientos de estudiantes en diferentes niveles e instituciones, como docente; y, adem\u00e1s, le impuls\u00f3 a tener un proceso de b\u00fasqueda de la verdad, de espiritualidad y de mayor libertad en el transcurso de su caminar, aprendiendo en diferentes organizaciones, herramientas y t\u00e9cnicas de crecimiento personal, autoconocimiento, sanaci\u00f3n y equilibrio entre cuerpo, mente y esp\u00edritu. <\/p>\n<p>Hered\u00f3 tambi\u00e9n una vena art\u00edstica, la cual ha sido fundamental en su proceso de expresi\u00f3n y sanaci\u00f3n emocional. Combina el arte de la ciencia y la ciencia del arte en sus Entrenamientos.<\/p>\n","protected":false},"excerpt":{"rendered":"<p>Gran parte de la poblaci\u00f3n tiene problemas de bajo rendimiento acad\u00e9mico o laboral debido a que no logran enfocarse y concentrase para ejecutar las tareas de manera eficaz.<\/p>\n<p>El MASTER CLASS T\u00c9CNICAS DE RESPIRACI\u00d3N, DISTENSI\u00d3N Y MEDITACI\u00d3N PARA TU RENDIMIENTO, te permitir\u00e1 potenciar tu rendimiento a todo nivel y resolver el origen de dichos conflictos, dentro de ellos el estr\u00e9s y la ansiedad, dos de los factores m\u00e1s influyentes en la disminuci\u00f3n de la eficacia y productividad.<\/p>\n","protected":false},"featured_media":5175,"template":"","meta":{"_joinchat":[]},"product_brand":[],"product_cat":[337,344],"product_tag":[],"class_list":{"0":"post-13575","1":"product","2":"type-product","3":"status-publish","4":"has-post-thumbnail","6":"product_cat-salud-y-deportes","7":"product_cat-todos","9":"first","10":"instock","11":"sale","12":"shipping-taxable","13":"product-type-external"},"_links":{"self":[{"href":"https:\/\/cursos.talentup.cl\/index.php?rest_route=\/wp\/v2\/product\/13575","targetHints":{"allow":["GET"]}}],"collection":[{"href":"https:\/\/cursos.talentup.cl\/index.php?rest_route=\/wp\/v2\/product"}],"about":[{"href":"https:\/\/cursos.talentup.cl\/index.php?rest_route=\/wp\/v2\/types\/product"}],"version-history":[{"count":2,"href":"https:\/\/cursos.talentup.cl\/index.php?rest_route=\/wp\/v2\/product\/13575\/revisions"}],"predecessor-version":[{"id":15072,"href":"https:\/\/cursos.talentup.cl\/index.php?rest_route=\/wp\/v2\/product\/13575\/revisions\/15072"}],"wp:featuredmedia":[{"embeddable":true,"href":"https:\/\/cursos.talentup.cl\/index.php?rest_route=\/wp\/v2\/media\/5175"}],"wp:attachment":[{"href":"https:\/\/cursos.talentup.cl\/index.php?rest_route=%2Fwp%2Fv2%2Fmedia&parent=13575"}],"wp:term":[{"taxonomy":"product_brand","embeddable":true,"href":"https:\/\/cursos.talentup.cl\/index.php?rest_route=%2Fwp%2Fv2%2Fproduct_brand&post=13575"},{"taxonomy":"product_cat","embeddable":true,"href":"https:\/\/cursos.talentup.cl\/index.php?rest_route=%2Fwp%2Fv2%2Fproduct_cat&post=13575"},{"taxonomy":"product_tag","embeddable":true,"href":"https:\/\/cursos.talentup.cl\/index.php?rest_route=%2Fwp%2Fv2%2Fproduct_tag&post=13575"}],"curies":[{"name":"wp","href":"https:\/\/api.w.org\/{rel}","templated":true}]}}