{"id":13578,"date":"2023-01-10T04:42:37","date_gmt":"2023-01-10T07:42:37","guid":{"rendered":"https:\/\/cursos.talentup.cl\/?post_type=product&#038;p=13578"},"modified":"2024-02-07T23:38:53","modified_gmt":"2024-02-08T02:38:53","slug":"transforma-tu-cuerpo-y-mente-3-semanas","status":"publish","type":"product","link":"https:\/\/cursos.talentup.cl\/?product=transforma-tu-cuerpo-y-mente-3-semanas","title":{"rendered":"TRANSFORMA TU CUERPO Y MENTE: 3 SEMANAS"},"content":{"rendered":"<p>\u00bfEres de las personas que comienza, pero abandonas las dietas?<\/p>\n<p>\u00bfTe preguntas porqu\u00e9 otros pueden y yo no?<\/p>\n<p>Con el MASTER CLASS TRANSFORMA TU CUERPO Y MENTE: 3 SEMANAS, Solo 21 d\u00edas bastar\u00e1n para que comiences a programar tu cuerpo y tu mente y consigas los cambios tan anhelados.<\/p>\n<p>Reducir\u00e1s tu porcentaje de grasa, mejorar\u00e1s tu masa muscular, tu resistencia f\u00edsica y mucho m\u00e1s.<\/p>\n<p>\u00bfQU\u00c9 VAS A LOGRAR?<\/p>\n<p>Mejorar\u00e1s tu estado f\u00edsico general haciendo que logres realizar tus actividades diarias con menos esfuerzo. <\/p>\n<p>Mejorar\u00e1s tu condici\u00f3n metab\u00f3lica, que no es m\u00e1s que aumentar a\u00f1os de vida y enfermarte menos. <\/p>\n<p>Reducir\u00e1s tu porcentaje de grasa para que tu cuerpo se vea y se sienta mejor. <\/p>\n<p>Mejorar\u00e1s tu masa muscular porque a m\u00e1s fuerza mejor salud y m\u00e1s longevidad. <\/p>\n<p>Mejorar\u00e1s tu resistencia f\u00edsica por medio de los entrenamientos que har\u00e1n que tu sistema cardio-respiratorio sea m\u00e1s eficiente. En pocas palabras hacer m\u00e1s ejercicios y cansarte menos.<\/p>\n<p>Mejorar\u00e1s tu aspecto est\u00e9tico y moldear tu cuerpo como siempre lo quisiste. <\/p>\n<p>Aumentar\u00e1s tu autoconfianza al verte en el espejo y notar los cambios que se ir\u00e1n produciendo. <\/p>\n<p>Reducir\u00e1s el riesgo de padecer muchas enfermedades asociadas al sedentarismo y la mala alimentaci\u00f3n. <\/p>\n<p>Acceder\u00e1s al certificado avalado de Hotmart y Seminarios Online.<\/p>\n<p>\u00bfC\u00d3MO LO VAS A LOGRAR? <\/p>\n<p>A trav\u00e9s del siguiente contenido estructurado paso a paso:<\/p>\n<p>SEMANA 1<\/p>\n<p>VIDEO 1\tBienvenidos al Team Wellness 21.<br \/>\nVIDEO 2\t\u00bfY si tengo alguna duda?<br \/>\nVIDEO 3\tSemana 1 &#8211; Iniciando la aventura del cambio.<br \/>\nVIDEO 4\tAprendiendo a usar la App FatSecret.<br \/>\nVIDEO 5\tAprendiendo a usar la App StepApp.<br \/>\nVIDEO 6\t\u00bfC\u00f3mo debo tomarme las medidas?<br \/>\nVIDEO 7\t\u00bfC\u00f3mo hacer correctamente el test de resistencia?<br \/>\nVIDEO 8\tWorkout del d\u00eda TABATA.<br \/>\nVIDEO 9\t\u00bfQu\u00e9 es y que nos hace la \u201cComida Chatarra\u201d\u2019<br \/>\nVIDEO 10 Workout del d\u00eda FULL BODY.<br \/>\nVIDEO 11 \u00bfC\u00f3mo controlar la ansiedad por los alimentos?<br \/>\nVIDEO 12 Workout del d\u00eda HIIT.<br \/>\nVIDEO 13 \u00bfQu\u00e9 son los macronutrientes?<br \/>\nVIDEO 14 Workout del d\u00eda PIERNAS Y GL\u00daTEOS.<br \/>\nVIDEO 15 \u00bfQu\u00e9 es el metabolismo y c\u00f3mo funciona?<br \/>\nVIDEO 16 Workout del d\u00eda HIIT BOXING.<br \/>\nVIDEO 17 Grasa corporal \u00bfQu\u00e9 es y c\u00f3mo reducirla?<br \/>\nVIDEO 18 Workout del d\u00eda FULL BODY.<br \/>\nVIDEO 19 Workout del d\u00eda TABATA.<\/p>\n<p>SEMANA 2<\/p>\n<p>VIDEO 20 Semana 2 &#8211; Ajustando la ruta.<br \/>\nVIDEO 21 Workout del d\u00eda HIIT.<br \/>\nVIDEO 22 \u00a1Cuidado con el az\u00facar!<br \/>\nVIDEO 23 Workout del d\u00eda FULL BODY.<br \/>\nVIDEO 24 \u00bfQu\u00e9 es el Real Food?<br \/>\nVIDEO 25 Workout del d\u00eda PIERNAS Y GL\u00daTEOS.<br \/>\nVIDEO 26 Explicaci\u00f3n del Ayuno Intermitente.<br \/>\nVIDEO 27 Workout del d\u00eda TABATA.<br \/>\nVIDEO 28 Estr\u00e9s y Cortisol.<br \/>\nVIDEO 29 Workout del d\u00eda HIIT BOXING.<br \/>\nVIDEO 30 \u00bfY qu\u00e9 pasa con el alcohol?<br \/>\nVIDEO 31 Workout del d\u00eda HIIT.<br \/>\nVIDEO 32 Workout del d\u00eda FULL BODY.<\/p>\n<p>SEMANA 3<\/p>\n<p>VIDEO 33 Semana 3 &#8211; Llegando a la recta final.<br \/>\nVIDEO 34 Workout del d\u00eda PIERNAS Y GL\u00daTEOS.<br \/>\nVIDEO 35 Beneficios del entrenamiento de MOVILIDAD.<br \/>\nVIDEO 36 Workout del d\u00eda CROSS FUNCTIONAL.<br \/>\nVIDEO 37 Beneficios del entrenamiento HIT.<br \/>\nVIDEO 38 Workout del d\u00eda HIIT.<br \/>\nVIDEO 39 Whey Protein \u00bfs\u00ed o no?<br \/>\nVIDEO 40 Workout del d\u00eda FULL BODY.<br \/>\nVIDEO 41 Beneficios del entrenamiento de FUERZA.<br \/>\nVIDEO 42 Workout del d\u00eda CROSS FUNCTIONAL.<br \/>\nVIDEO 43 Explicaci\u00f3n sobre suplementaci\u00f3n alimenticia.<br \/>\nVIDEO 44 Workout del d\u00eda HIIT BOXING.<br \/>\nVIDEO 45 Workout del d\u00eda ROXANNE.<br \/>\nVIDEO 46 Mensaje final.<\/p>\n<p>BONUS\t<\/p>\n<p>VIDEO 47 BONO 1: Clase de Fit Combat con Gus<br \/>\nVIDEO 48 BONO 2: Clase de Pilates con Jenn<\/p>\n<p>ACERCA DE LOS PRODUCTORES<\/p>\n<p>Desarrollado por JENNIFFER GU\u00cdA Y GUSTAVO \u00c1VILA CEO de Wellness Team, venezolanos residenciados en Buenos Aires, Argentina.<\/p>\n<p>Preparadores f\u00edsicos Certificados en TRX\u2122, Fit Combat\u00ae, FTS\u00ae (Functional Training System, IHP\u00a9 (Institute of Human Performance), Pilates Mat, Yoga, ILC\u00ae (International Life Coaching) GSSI\u00a9 (Gatorade Sport Science Institute), Delta Sport Project (Nutrici\u00f3n Deportiva) <\/p>\n<p>Con m\u00e1s de 25 a\u00f1os de experiencia ayudando a muchas personas e instituciones a conseguir sus objetivos.<\/p>\n<p>Han trabajado asesorando atletas, empresas, centros de entrenamiento y p\u00fablico general en todo lo referente a los m\u00e9todos m\u00e1s actualizados de entrenamiento y pol\u00edticas de salud de prevenci\u00f3n. <\/p>\n","protected":false},"excerpt":{"rendered":"<p>\u00bfEres de las personas que comienza, pero abandonas las dietas?<\/p>\n<p>\u00bfTe preguntas porqu\u00e9 otros pueden y yo no?<\/p>\n<p>Con el MASTER CLASS TRANSFORMA TU CUERPO Y MENTE: 3 SEMANAS, Solo 21 d\u00edas bastar\u00e1n para que comiences a programar tu cuerpo y tu mente y consigas los cambios tan anhelados.<\/p>\n<p>Reducir\u00e1s tu porcentaje de grasa, mejorar\u00e1s tu masa muscular, tu resistencia f\u00edsica y mucho m\u00e1s.<\/p>\n","protected":false},"featured_media":5178,"template":"","meta":{"_joinchat":[]},"product_brand":[],"product_cat":[337,344],"product_tag":[],"class_list":{"0":"post-13578","1":"product","2":"type-product","3":"status-publish","4":"has-post-thumbnail","6":"product_cat-salud-y-deportes","7":"product_cat-todos","9":"first","10":"instock","11":"sale","12":"shipping-taxable","13":"product-type-external"},"_links":{"self":[{"href":"https:\/\/cursos.talentup.cl\/index.php?rest_route=\/wp\/v2\/product\/13578","targetHints":{"allow":["GET"]}}],"collection":[{"href":"https:\/\/cursos.talentup.cl\/index.php?rest_route=\/wp\/v2\/product"}],"about":[{"href":"https:\/\/cursos.talentup.cl\/index.php?rest_route=\/wp\/v2\/types\/product"}],"version-history":[{"count":2,"href":"https:\/\/cursos.talentup.cl\/index.php?rest_route=\/wp\/v2\/product\/13578\/revisions"}],"predecessor-version":[{"id":15075,"href":"https:\/\/cursos.talentup.cl\/index.php?rest_route=\/wp\/v2\/product\/13578\/revisions\/15075"}],"wp:featuredmedia":[{"embeddable":true,"href":"https:\/\/cursos.talentup.cl\/index.php?rest_route=\/wp\/v2\/media\/5178"}],"wp:attachment":[{"href":"https:\/\/cursos.talentup.cl\/index.php?rest_route=%2Fwp%2Fv2%2Fmedia&parent=13578"}],"wp:term":[{"taxonomy":"product_brand","embeddable":true,"href":"https:\/\/cursos.talentup.cl\/index.php?rest_route=%2Fwp%2Fv2%2Fproduct_brand&post=13578"},{"taxonomy":"product_cat","embeddable":true,"href":"https:\/\/cursos.talentup.cl\/index.php?rest_route=%2Fwp%2Fv2%2Fproduct_cat&post=13578"},{"taxonomy":"product_tag","embeddable":true,"href":"https:\/\/cursos.talentup.cl\/index.php?rest_route=%2Fwp%2Fv2%2Fproduct_tag&post=13578"}],"curies":[{"name":"wp","href":"https:\/\/api.w.org\/{rel}","templated":true}]}}