{"id":13591,"date":"2023-01-10T04:42:38","date_gmt":"2023-01-10T07:42:38","guid":{"rendered":"https:\/\/cursos.talentup.cl\/?post_type=product&#038;p=13591"},"modified":"2024-02-07T23:38:54","modified_gmt":"2024-02-08T02:38:54","slug":"muay-thai-arte-marcial","status":"publish","type":"product","link":"https:\/\/cursos.talentup.cl\/?product=muay-thai-arte-marcial","title":{"rendered":"MUAY THAI ARTE MARCIAL"},"content":{"rendered":"<p>\u00bfQuieres mejorar tus habilidades f\u00edsicas y crear un h\u00e1bito saludable a trav\u00e9s de un incre\u00edble deporte de defensa personal?<\/p>\n<p>Con el MasterClass MUAY THAI ARTE MARCIAL, domina una de las disciplinas del arte marcial mixto m\u00e1s complejas que existen.<\/p>\n<p>Apr\u00e9ndelo de la mano de un luchador profesional.<\/p>\n<p>Aumenta tu fuerza, tonifica tu cuerpo, desarrolla movimientos m\u00e1s precisos y mejora la capacidad de tomar decisiones inteligentes.<\/p>\n<p>Controla tu mente bajo presi\u00f3n y aprende t\u00e9cnicas de golpes y bloqueos a los contrincantes para que te sientas m\u00e1s fuerte, \u00e1gil y seguro. <\/p>\n<p>\u00bfQU\u00c9 VAS A LOGRAR?<\/p>\n<p>Aprender\u00e1s todas las t\u00e9cnicas desde cero y paso a paso de la mano de un experto para que logres dominar el arte del Muay Thai en poco tiempo.<\/p>\n<p>Lograr\u00e1s aumentar la fuerza, adelgazar y tonificar tu cuerpo, mejorar la salud cardiovascular.<\/p>\n<p>Mejorar\u00e1s la coordinaci\u00f3n, agilidad y liberar\u00e1s el estr\u00e9s.<\/p>\n<p>Aumentar\u00e1s la capacidad de toma de decisiones inteligentes.<\/p>\n<p>Lograr\u00e1s desde cero el manejo adecuado de tus extremidades para que no te lastimes en el momento de la pr\u00e1ctica.<\/p>\n<p>Aprender\u00e1s a controlar tu mente bajo presi\u00f3n. <\/p>\n<p>Aprender\u00e1s t\u00e9cnicas de golpes con los brazos y piernas. <\/p>\n<p>Aprender\u00e1s t\u00e9cnicas de defensa y bloqueos a los contrincantes. <\/p>\n<p>Aprender\u00e1s tips y consejos para calentamiento y lucha, para mejorar tus habilidades y reforzar todo lo aprendido. <\/p>\n<p>Acceder\u00e1s al certificado avalado por Hotmart y Seminarios Online.<\/p>\n<p>\u00bfC\u00d3MO LO VAS A LOGRAR?<\/p>\n<p>A trav\u00e9s del siguiente contenido estructurado paso a paso:<\/p>\n<p>VIDEO 1: Introducci\u00f3n<br \/>\nVIDEO 2: Calentamiento de m\u00fasculos y articulaciones.<br \/>\nVIDEO 3: Calentamiento de Caderas.<br \/>\nVIDEO 4: Posturas y Bases del Muay Thai.<br \/>\nVIDEO 5: Ejercicio de desplazamiento.<br \/>\nVIDEO 6: Desplazamientos avanzados y salidas laterales.<br \/>\nVIDEO 7: Ejercicios y tips de desplazamientos.<br \/>\nVIDEO 8: Golpes y posiciones de defensa con las manos .<br \/>\nVIDEO 9: Golpes con los codos.<br \/>\nVIDEO 10: Golpes con las rodillas y patadas frontales.<br \/>\nVIDEO 11: Patadas circulares.<br \/>\nVIDEO 12: Repaso y pr\u00e1ctica de todo lo aprendido.<br \/>\nVIDEO 13: C\u00f3mo vendarse las manos para pelear.<\/p>\n<p>BONUS<\/p>\n<p>1. Master class de Pelea con un saco de Box.<br \/>\n2. Muestra real de una pelea de Muay Thai<\/p>\n<p>ACERCA DEL PRODUCTOR<\/p>\n<p>Desarrollado por GUIDO G\u00d3NGORA, peleador profesional en artes marciales mixtas.<\/p>\n<p>Guido tiene una trayectoria de 8 a\u00f1os practicando MUAY THAI.<\/p>\n<p>Ha competido en diversos torneos nacionales y a nivel latinoamericano como la Copa Vendetta, y el Mundial de Muay Thai que se realiz\u00f3 en Canc\u00fan el 13 de junio de 2019. <\/p>\n<p>Cuenta con un r\u00e9cord de Muay Thai de 10 &#8211; 0 &#8211; 0 y es campe\u00f3n del Warriors Grand Prix 2019.<\/p>\n","protected":false},"excerpt":{"rendered":"<p>\u00bfQuieres mejorar tus habilidades f\u00edsicas y crear un h\u00e1bito saludable a trav\u00e9s de un incre\u00edble deporte de defensa personal?<\/p>\n<p>Con el MasterClass MUAY THAI ARTE MARCIAL, domina una de las disciplinas del arte marcial mixto m\u00e1s complejas que existen.<\/p>\n<p>Apr\u00e9ndelo de la mano de un luchador profesional.<\/p>\n<p>Aumenta tu fuerza, tonifica tu cuerpo, desarrolla movimientos m\u00e1s precisos y mejora la capacidad de tomar decisiones inteligentes.<\/p>\n<p>Controla tu mente bajo presi\u00f3n y aprende t\u00e9cnicas de golpes y bloqueos a los contrincantes para que te sientas m\u00e1s fuerte, \u00e1gil y seguro. <\/p>\n","protected":false},"featured_media":5192,"template":"","meta":{"_joinchat":[]},"product_brand":[],"product_cat":[337,344],"product_tag":[],"class_list":{"0":"post-13591","1":"product","2":"type-product","3":"status-publish","4":"has-post-thumbnail","6":"product_cat-salud-y-deportes","7":"product_cat-todos","9":"first","10":"instock","11":"sale","12":"shipping-taxable","13":"product-type-external"},"_links":{"self":[{"href":"https:\/\/cursos.talentup.cl\/index.php?rest_route=\/wp\/v2\/product\/13591","targetHints":{"allow":["GET"]}}],"collection":[{"href":"https:\/\/cursos.talentup.cl\/index.php?rest_route=\/wp\/v2\/product"}],"about":[{"href":"https:\/\/cursos.talentup.cl\/index.php?rest_route=\/wp\/v2\/types\/product"}],"version-history":[{"count":2,"href":"https:\/\/cursos.talentup.cl\/index.php?rest_route=\/wp\/v2\/product\/13591\/revisions"}],"predecessor-version":[{"id":15089,"href":"https:\/\/cursos.talentup.cl\/index.php?rest_route=\/wp\/v2\/product\/13591\/revisions\/15089"}],"wp:featuredmedia":[{"embeddable":true,"href":"https:\/\/cursos.talentup.cl\/index.php?rest_route=\/wp\/v2\/media\/5192"}],"wp:attachment":[{"href":"https:\/\/cursos.talentup.cl\/index.php?rest_route=%2Fwp%2Fv2%2Fmedia&parent=13591"}],"wp:term":[{"taxonomy":"product_brand","embeddable":true,"href":"https:\/\/cursos.talentup.cl\/index.php?rest_route=%2Fwp%2Fv2%2Fproduct_brand&post=13591"},{"taxonomy":"product_cat","embeddable":true,"href":"https:\/\/cursos.talentup.cl\/index.php?rest_route=%2Fwp%2Fv2%2Fproduct_cat&post=13591"},{"taxonomy":"product_tag","embeddable":true,"href":"https:\/\/cursos.talentup.cl\/index.php?rest_route=%2Fwp%2Fv2%2Fproduct_tag&post=13591"}],"curies":[{"name":"wp","href":"https:\/\/api.w.org\/{rel}","templated":true}]}}