{"id":13592,"date":"2023-01-10T04:42:38","date_gmt":"2023-01-10T07:42:38","guid":{"rendered":"https:\/\/cursos.talentup.cl\/?post_type=product&#038;p=13592"},"modified":"2024-02-07T23:38:54","modified_gmt":"2024-02-08T02:38:54","slug":"fabricacion-de-implementos-deportivos","status":"publish","type":"product","link":"https:\/\/cursos.talentup.cl\/?product=fabricacion-de-implementos-deportivos","title":{"rendered":"FABRICACI\u00d3N DE IMPLEMENTOS DEPORTIVOS"},"content":{"rendered":"<p>\u00bfSab\u00edas que la b\u00fasqueda online de elementos deportivos subi\u00f3 un 343% el \u00faltimo a\u00f1o?<\/p>\n<p>Muchos, ya est\u00e1n entrenando desde casa.<\/p>\n<p>Con el programa FABRICACI\u00d3N DE IMPLEMENTOS DEPORTIVOS, aprende a confeccionar colchonetas, bolsas de poder, tobilleras, TRX y m\u00e1s. <\/p>\n<p>La industria del fitness y el entrenamiento funcional est\u00e1 creciendo.   <\/p>\n<p>!Genera altos ingresos fabricando implementos deportivos!<br \/>\nSolo necesitas una m\u00e1quina de coser y nosotros te ense\u00f1amos el resto. <\/p>\n<p>\u00bfQU\u00c9 VAS A LOGRAR?<\/p>\n<p>Aprender\u00e1s los patrones de medida para cada elemento deportivo.<\/p>\n<p>Conocer\u00e1s los recursos y herramientas necesarios para la fabricaci\u00f3n de los diferentes implementos.<\/p>\n<p>Lograr\u00e1s dise\u00f1ar y construir paso a paso los elementos m\u00e1s importantes utilizados en la industria fitness y el entrenamiento funcional.<\/p>\n<p>Obtendr\u00e1s un criterio con el cual podr\u00e1s generar posteriormente tus patrones de medida personalizados.<\/p>\n<p>Aprender\u00e1s el uso de cada implemento deportivo.<\/p>\n<p>Acceder\u00e1s al certificado avalado por Hotmart y Seminarios Online.<\/p>\n<p>\u00bfC\u00d3MO LO VAS A LOGRAR?<\/p>\n<p>Con Nuestro programa online 100% practico cuentas con 25 lecciones en video HD distribuidas as\u00ed: <\/p>\n<p>Lecci\u00f3n 1 &#8211; Bienvenida y comunidad<br \/>\nLecci\u00f3n 2 &#8211; Colchoneta (\u00bfQu\u00e9 elementos necesitamos?)<br \/>\nLecci\u00f3n 3 &#8211; Colchoneta (Proceso de fabricaci\u00f3n)<br \/>\nLecci\u00f3n 4 &#8211; Bolsa de poder (\u00bfQu\u00e9 elementos necesitamos?)<br \/>\nLecci\u00f3n 5 &#8211; Bolsa de poder (Proceso de fabricaci\u00f3n)<br \/>\nLecci\u00f3n 6 &#8211; Chaleco (\u00bfQu\u00e9 elementos necesitamos?)<br \/>\nLecci\u00f3n 7 &#8211; Chaleco (Proceso de fabricaci\u00f3n)<br \/>\nLecci\u00f3n 8 &#8211; Power bag (\u00bfQu\u00e9 elementos necesitamos?)<br \/>\nLecci\u00f3n 9 &#8211; Power bag (Proceso de fabricaci\u00f3n)<br \/>\nLecci\u00f3n 10 &#8211; Tobilleras (\u00bfQu\u00e9 elementos necesitamos?)<br \/>\nLecci\u00f3n 11 &#8211; Tobilleras (Proceso de fabricaci\u00f3n)<br \/>\nLecci\u00f3n 12 &#8211; TRX (\u00bfQu\u00e9 elementos necesitamos?)<br \/>\nLecci\u00f3n 13 \u2013 TRX (Proceso de fabricaci\u00f3n)<br \/>\nLecci\u00f3n 14 &#8211; Escalera (\u00bfQu\u00e9 elementos necesitamos?)<br \/>\nLecci\u00f3n 15 &#8211; Escalera (Proceso de fabricaci\u00f3n)<br \/>\nLecci\u00f3n 16 &#8211; Bal\u00f3n funcional (\u00bfQu\u00e9 elementos necesitamos?)<br \/>\nLecci\u00f3n 17 &#8211; Bal\u00f3n funcional (Proceso de fabricaci\u00f3n)<br \/>\nLecci\u00f3n 18 -C\u00f3mo usar la colchoneta<br \/>\nLecci\u00f3n 19 -C\u00f3mo usar el bal\u00f3n<br \/>\nLecci\u00f3n 20 -C\u00f3mo usar el chaleco<br \/>\nLecci\u00f3n 21 -C\u00f3mo usar el power bag<br \/>\nLecci\u00f3n 22 -C\u00f3mo usar las escaleras<br \/>\nLecci\u00f3n 23 -C\u00f3mo usar la bolsa de poder<br \/>\nLecci\u00f3n 24 -C\u00f3mo usar las tobilleras<br \/>\nLecci\u00f3n 25 -C\u00f3mo usar el TRX<\/p>\n<p>ACERCA DEL PRODUCTOR<\/p>\n<p>Desarrollado por EDISSON ELIAS QUEVEDO MAYORGA, entrenador f\u00edsico con m\u00e1s de 15 a\u00f1os de experiencia en la industria del deporte, entrenador de Crossfit, instructor de Aikido cintur\u00f3n negro de la federaci\u00f3n KHF.<\/p>\n<p>Fundador del centro de acondicionamiento FIT 300 y la escuela Aikido Kiyoto. <\/p>\n<p>Especializado en costura deportiva y distribuidor de implementos para entrenamientos Fitness y funcionales en toda la regi\u00f3n Orinoqu\u00eda.<\/p>\n","protected":false},"excerpt":{"rendered":"<p>\u00bfSab\u00edas que la b\u00fasqueda online de elementos deportivos subi\u00f3 un 343% el \u00faltimo a\u00f1o?<\/p>\n<p>Muchos, ya est\u00e1n entrenando desde casa.<\/p>\n<p>Con el programa FABRICACI\u00d3N DE IMPLEMENTOS DEPORTIVOS, aprende a confeccionar colchonetas, bolsas de poder, tobilleras, TRX y m\u00e1s. <\/p>\n<p>La industria del fitness y el entrenamiento funcional est\u00e1 creciendo.   <\/p>\n<p>!Genera altos ingresos fabricando implementos deportivos!<br \/>\nSolo necesitas una m\u00e1quina de coser y nosotros te ense\u00f1amos el resto. <\/p>\n","protected":false},"featured_media":5193,"template":"","meta":{"_joinchat":[]},"product_brand":[],"product_cat":[337,344],"product_tag":[],"class_list":{"0":"post-13592","1":"product","2":"type-product","3":"status-publish","4":"has-post-thumbnail","6":"product_cat-salud-y-deportes","7":"product_cat-todos","9":"first","10":"instock","11":"sale","12":"shipping-taxable","13":"product-type-external"},"_links":{"self":[{"href":"https:\/\/cursos.talentup.cl\/index.php?rest_route=\/wp\/v2\/product\/13592","targetHints":{"allow":["GET"]}}],"collection":[{"href":"https:\/\/cursos.talentup.cl\/index.php?rest_route=\/wp\/v2\/product"}],"about":[{"href":"https:\/\/cursos.talentup.cl\/index.php?rest_route=\/wp\/v2\/types\/product"}],"version-history":[{"count":2,"href":"https:\/\/cursos.talentup.cl\/index.php?rest_route=\/wp\/v2\/product\/13592\/revisions"}],"predecessor-version":[{"id":15090,"href":"https:\/\/cursos.talentup.cl\/index.php?rest_route=\/wp\/v2\/product\/13592\/revisions\/15090"}],"wp:featuredmedia":[{"embeddable":true,"href":"https:\/\/cursos.talentup.cl\/index.php?rest_route=\/wp\/v2\/media\/5193"}],"wp:attachment":[{"href":"https:\/\/cursos.talentup.cl\/index.php?rest_route=%2Fwp%2Fv2%2Fmedia&parent=13592"}],"wp:term":[{"taxonomy":"product_brand","embeddable":true,"href":"https:\/\/cursos.talentup.cl\/index.php?rest_route=%2Fwp%2Fv2%2Fproduct_brand&post=13592"},{"taxonomy":"product_cat","embeddable":true,"href":"https:\/\/cursos.talentup.cl\/index.php?rest_route=%2Fwp%2Fv2%2Fproduct_cat&post=13592"},{"taxonomy":"product_tag","embeddable":true,"href":"https:\/\/cursos.talentup.cl\/index.php?rest_route=%2Fwp%2Fv2%2Fproduct_tag&post=13592"}],"curies":[{"name":"wp","href":"https:\/\/api.w.org\/{rel}","templated":true}]}}