{"id":13593,"date":"2023-01-10T04:42:38","date_gmt":"2023-01-10T07:42:38","guid":{"rendered":"https:\/\/cursos.talentup.cl\/?post_type=product&#038;p=13593"},"modified":"2024-02-07T23:38:54","modified_gmt":"2024-02-08T02:38:54","slug":"tu-escuela-de-futbol-desde-cero","status":"publish","type":"product","link":"https:\/\/cursos.talentup.cl\/?product=tu-escuela-de-futbol-desde-cero","title":{"rendered":"TU ESCUELA DE FUTBOL DESDE CERO"},"content":{"rendered":"<p>\u00bfCu\u00e1ntos entrenadores, directores t\u00e9cnicos, empresarios e incluso personas comunes, no han so\u00f1ado con tener su propia Escuela de F\u00fatbol?<\/p>\n<p>Con el programa TU ESCUELA DE F\u00daTBOL DESDE CERO, tienes un MasterClass donde obtendr\u00e1s todas las herramientas para desarrollar habilidades en equipos de alto desempe\u00f1o.<br \/>\n                                                                                   Aprende a estructurar un negocio altamente rentable de forma f\u00e1cil y divertida.<\/p>\n<p>Domina los requerimientos para iniciar tu escuela, las estrategias de comunicaci\u00f3n y c\u00f3mo seleccionar a los jugadores.  <\/p>\n<p>Aqu\u00ed tienes el ABC de un modelo de negocio sostenible y lucrativo<\/p>\n<p>\u00bfQU\u00c9 VAS A LOGRAR?<\/p>\n<p>1. Aprender\u00e1s los principales requerimientos para iniciar la escuela.<\/p>\n<p>2. Determinar\u00e1s tu mercado objetivo para garantizar la efectividad del negocio.<\/p>\n<p>3. Conocer\u00e1s la organizaci\u00f3n de las categor\u00edas, clases y horarios de trabajo.<\/p>\n<p>4. Desarrollar\u00e1s un criterio de selecci\u00f3n del personal.<\/p>\n<p>5. Conocer\u00e1s c\u00f3mo es la organizaci\u00f3n estructural de una escuela de f\u00fatbol.<\/p>\n<p>6. Aprender\u00e1s las herramientas de Comunicaci\u00f3n para tener una buena relaci\u00f3n con los padres, familiares y personal de la escuela.<\/p>\n<p>7. Adquirir\u00e1s conocimientos sobre la elaboraci\u00f3n de presupuesto de inicio y mantenimiento.<\/p>\n<p>8. Aprender\u00e1s el vocabulario base y las t\u00e9cnicas b\u00e1sicas de entrenamiento. <\/p>\n<p>9. Recibir\u00e1s tips para la selecci\u00f3n de material adecuado a tus posibilidades.<\/p>\n<p>10. Obtendr\u00e1s datos adicionales con valiosos secretos profesionales exclusivos, adquiridos durante a\u00f1os de experiencia del facilitador.<\/p>\n<p>11. Acceder\u00e1s al certificado avalado por Hotmart y Seminarios Online.<\/p>\n<p>\u00bfC\u00d3MO LO VAS A LOGRAR?<\/p>\n<p>Estructura del Programa<\/p>\n<p>PARTE 1: CONCEPTOS B\u00c1SICOS <\/p>\n<p>1. Video 1: Formulaci\u00f3n del Proyecto, Definici\u00f3n del Nombre.<br \/>\n2. Video 2: Recopilaci\u00f3n de Antecedentes, Justificaci\u00f3n, Objetivos del proyecto.<br \/>\n3. Video 3: Categor\u00edas formativas, Valores de la escuela, Beneficiarios dentro del proyecto.<br \/>\n4. Video 4: La Formaci\u00f3n Hol\u00edstica, Objetivos de la formaci\u00f3n en el f\u00fatbol, F\u00fatbol base, Mercado objetivo.<br \/>\n5. Video 5: T\u00e9cnica, T\u00e1ctica, Condici\u00f3n f\u00edsica, Competencia.<\/p>\n<p>Recursos descargables (PDF, Y libros). Realizaci\u00f3n de actividades de comprobaci\u00f3n de conocimientos<\/p>\n<p>PARTE 2: ELEMENTOS DE LA ESCUELA DE F\u00daTBOL <\/p>\n<p>1. Video 6: Elecci\u00f3n de la cancha de entrenamiento. Elementos b\u00e1sicos del espacio de trabajo.<br \/>\n2. Video 7: Material deportivo m\u00ednimo para el inicio. Tips para selecci\u00f3n del material. Almacenamiento y cuidados.<br \/>\n3. Video 8: Criterios de selecci\u00f3n del personal. Carga horaria de los entrenamientos.<\/p>\n<p>Recursos descargables (PDF, Y libros). Realizaci\u00f3n de actividades de comprobaci\u00f3n de conocimientos<\/p>\n<p>PARTE 3: DETERMINACI\u00d3N DE LOS RECURSOS DE INICIO<\/p>\n<p>1. Video 9: Elaboraci\u00f3n del presupuesto. Establecimiento del capital de inicio. Alianzas, convenios, sociedades.<br \/>\n2. Video 10: Instalaci\u00f3n y puesta en marcha.<br \/>\n3. Video 11: Capital de trabajo. <\/p>\n<p>Recursos descargables (PDF, Y libros). Realizaci\u00f3n de actividades de comprobaci\u00f3n de conocimientos<\/p>\n<p>PARTE 4: METODOLOG\u00cdA DE FUNCIONAMIENTO<\/p>\n<p>1. Video 12: Selecci\u00f3n de metodolog\u00eda did\u00e1ctica y deportiva.<br \/>\n2. Video 13: Estructura organizativa. Distribuci\u00f3n de cargos y responsabilidades.<br \/>\n3. Video 14: Organizaciones extra deportivas.<\/p>\n<p>Recursos descargables (PDF, Y libros). Realizaci\u00f3n de actividades de comprobaci\u00f3n de conocimientos<\/p>\n<p>PARTE 5: MARCO LEGAL<\/p>\n<p>1. Video 15: Conocimiento de las leyes locales, regionales y nacionales.<br \/>\n2. Video 16: Reglamento interno. Estudio de casos y experiencias.<br \/>\n3. Video 17: Inscripci\u00f3n en Organismos deportivos. <\/p>\n<p>Recursos descargables (PDF, Y libros). Realizaci\u00f3n de actividades de comprobaci\u00f3n de conocimientos<\/p>\n<p>PARTE 6: REVISI\u00d3N DE CONTENIDOS Y PUESTA EN MARCHA<\/p>\n<p>1. Video 18: Elaboraci\u00f3n del proyecto.<br \/>\n2. Video 19: Definici\u00f3n de fechas y metas.<br \/>\n3. Video 20: Registro de actividades.<\/p>\n<p>Recursos descargables (PDF, Y libros). Realizaci\u00f3n de actividades de comprobaci\u00f3n de conocimientos<\/p>\n<p>PARTE 7: PRACTICA DE FINAL<\/p>\n<p>1. Video 21: Instalaci\u00f3n y puesta en marcha de una Escuela de F\u00fatbol.<\/p>\n<p>Recursos descargables (PDF). Realizaci\u00f3n y revisi\u00f3n de actividades de comprobaci\u00f3n de conocimientos (tareas) Certificaci\u00f3n al culminar el curso. <\/p>\n<p>ACERCA DEL PRODUCTOR<\/p>\n<p>Desarrollado por CARLOS CONTRERAS. Entrenador. Docente egresado de la Universidad de Los Andes (ULA).<\/p>\n<p>Fundador y Exdirector de exitosas escuelas de f\u00fatbol formativo, entre ellas, la del Deportivo T\u00e1chira FC (reconocido Club de f\u00fatbol profesional venezolano). <\/p>\n<p>Entrenador de categor\u00edas infantiles y juveniles en la Academia Emeritense FC (M\u00e9rida, Venezuela). Monitor del Campamento \u201cFranco Rizzi y sus estrellas\u201d, junto al FC Barcelona de Espa\u00f1a. Organizador de planes vacacionales de f\u00fatbol para el Deportivo T\u00e1chira FC. <\/p>\n<p>Creador de la plataforma F\u00fatbol Coaching, en la que asesora a equipos de f\u00fatbol profesional y amateur en el manejo organizativo y relaciones personales de categor\u00edas formativas. Creador y desarrollador de la exitosa charla \u201cEl Arte de Formar Familias Futboleras\u201d. <\/p>\n<p>Profesor de Oratoria para Entrenamiento Deportivo en la Universidad del T\u00e1chira (UNET).  <\/p>\n<p>Privacidad<br \/>\nTu informaci\u00f3n est\u00e1 100% segura<br \/>\nCompra segura<br \/>\nAmbiente seguro y autenticado<br \/>\nEntrega por email<br \/>\nAcceso al producto entregado por email<br \/>\nContenido aprobado<br \/>\n100% revisado y aprobado<\/p>\n<p>??<\/p>\n","protected":false},"excerpt":{"rendered":"<p>\u00bfCu\u00e1ntos entrenadores, directores t\u00e9cnicos, empresarios e incluso personas comunes, no han so\u00f1ado con tener su propia Escuela de F\u00fatbol?<\/p>\n<p>Con el programa TU ESCUELA DE F\u00daTBOL DESDE CERO, tienes un MasterClass donde obtendr\u00e1s todas las herramientas para desarrollar habilidades en equipos de alto desempe\u00f1o.<br \/>\n                                                                                   Aprende a estructurar un negocio altamente rentable de forma f\u00e1cil y divertida.<\/p>\n<p>Domina los requerimientos para iniciar tu escuela, las estrategias de comunicaci\u00f3n y c\u00f3mo seleccionar a los jugadores.  <\/p>\n<p>Aqu\u00ed tienes el ABC de un modelo de negocio sostenible y lucrativo<\/p>\n","protected":false},"featured_media":5194,"template":"","meta":{"_joinchat":[]},"product_brand":[],"product_cat":[337,344],"product_tag":[],"class_list":{"0":"post-13593","1":"product","2":"type-product","3":"status-publish","4":"has-post-thumbnail","6":"product_cat-salud-y-deportes","7":"product_cat-todos","9":"first","10":"instock","11":"sale","12":"shipping-taxable","13":"product-type-external"},"_links":{"self":[{"href":"https:\/\/cursos.talentup.cl\/index.php?rest_route=\/wp\/v2\/product\/13593","targetHints":{"allow":["GET"]}}],"collection":[{"href":"https:\/\/cursos.talentup.cl\/index.php?rest_route=\/wp\/v2\/product"}],"about":[{"href":"https:\/\/cursos.talentup.cl\/index.php?rest_route=\/wp\/v2\/types\/product"}],"version-history":[{"count":2,"href":"https:\/\/cursos.talentup.cl\/index.php?rest_route=\/wp\/v2\/product\/13593\/revisions"}],"predecessor-version":[{"id":15091,"href":"https:\/\/cursos.talentup.cl\/index.php?rest_route=\/wp\/v2\/product\/13593\/revisions\/15091"}],"wp:featuredmedia":[{"embeddable":true,"href":"https:\/\/cursos.talentup.cl\/index.php?rest_route=\/wp\/v2\/media\/5194"}],"wp:attachment":[{"href":"https:\/\/cursos.talentup.cl\/index.php?rest_route=%2Fwp%2Fv2%2Fmedia&parent=13593"}],"wp:term":[{"taxonomy":"product_brand","embeddable":true,"href":"https:\/\/cursos.talentup.cl\/index.php?rest_route=%2Fwp%2Fv2%2Fproduct_brand&post=13593"},{"taxonomy":"product_cat","embeddable":true,"href":"https:\/\/cursos.talentup.cl\/index.php?rest_route=%2Fwp%2Fv2%2Fproduct_cat&post=13593"},{"taxonomy":"product_tag","embeddable":true,"href":"https:\/\/cursos.talentup.cl\/index.php?rest_route=%2Fwp%2Fv2%2Fproduct_tag&post=13593"}],"curies":[{"name":"wp","href":"https:\/\/api.w.org\/{rel}","templated":true}]}}