{"id":13594,"date":"2023-01-10T04:42:38","date_gmt":"2023-01-10T07:42:38","guid":{"rendered":"https:\/\/cursos.talentup.cl\/?post_type=product&#038;p=13594"},"modified":"2024-02-07T23:38:55","modified_gmt":"2024-02-08T02:38:55","slug":"pierde-grasa-para-mujeres-en-casa","status":"publish","type":"product","link":"https:\/\/cursos.talentup.cl\/?product=pierde-grasa-para-mujeres-en-casa","title":{"rendered":"PIERDE GRASA PARA MUJERES EN CASA"},"content":{"rendered":"<p>Perder grasa es uno de los mayores retos que tenemos las mujeres. No necesitamos un gimnasio o pagar altas sumas de dinero para lograrlo.<\/p>\n<p>Con el Master Class PIERDE GRASA DESDE CASA, puedes bajar esos gorditos que tanto nos molesta a las mujeres.<\/p>\n<p>Logra tus objetivos f\u00edsicos desde la comodidad de tu casa, con rutinas efectivas para verte fit y estrategias infalibles para auto motivarte.<\/p>\n<p>Domina los secretos para mejorar capacidades f\u00edsicas como la fuerza, resistencia, velocidad y flexibilidad con una gu\u00eda de alimentaci\u00f3n y ejercicios imperdibles.<\/p>\n<p>\u00bfQU\u00c9 VAS A LOGRAR?<\/p>\n<p>Lograr\u00e1s comenzar un estilo de vida m\u00e1s saludable.<\/p>\n<p>Empezar\u00e1s a mejorar capacidades f\u00edsicas como la fuerza, la resistencia, la velocidad y la flexibilidad. <\/p>\n<p>Adoptar\u00e1s poco a poco nuevos h\u00e1bitos y una muy buena alimentaci\u00f3n que te ayudar\u00e1 a alcanzar ese objetivo que tanto quieres mucho m\u00e1s r\u00e1pido.<\/p>\n<p>Aprender\u00e1s en un proceso que tan solo dura 30 d\u00edas, a ejercitarte con el entrenamiento HITT y la fuerza resistencia. <\/p>\n<p>Acceder\u00e1s al certificado avalado por Hotmart y Seminarios Online.<\/p>\n<p>\u00bfC\u00d3MO LO VAS A LOGRAR?<\/p>\n<p>A trav\u00e9s del siguiente contenido estructurado paso a paso: <\/p>\n<p>VIDEO 1: Introducci\u00f3n.<\/p>\n<p>VIDEO 2: Introducci\u00f3n a la grasa.<\/p>\n<p>VIDEO 3: C\u00f3mo entrenaremos.<\/p>\n<p>VIDEO 4: Planificaci\u00f3n del entrenamiento. <\/p>\n<p>VIDEO 5: Movilidad articular.<\/p>\n<p>VIDEO 6: Estiramientos.<\/p>\n<p>VIDEO 7: Calentamiento <\/p>\n<p>VIDEO 8: lunes full body hiit.<\/p>\n<p>VIDEO 9: martes y jueves f-r tren inferior semana 1.<\/p>\n<p>VIDEO 10: mi\u00e9rcoles y viernes hiit tren superior semana 1. <\/p>\n<p>VIDEO 11: martes y jueves f-r tren superior semana 2.<\/p>\n<p>VIDEO 12: mi\u00e9rcoles y viernes hiit tren inferior semana2 <\/p>\n<p>VIDEO 13: Gu\u00eda de alimentaci\u00f3n<\/p>\n<p>VIDEO 14: Suplementaci\u00f3n deportiva VIDEO 15 Testimonios.<\/p>\n<p>VIDEO 16: Video final.<\/p>\n<p>ACERCA DE LA PRODUCTORA<\/p>\n<p>Desarrollado por VALERIA CAICEDO CASTRO, colombiana, profesional en finanzas y negocios internacionales de la Universidad Santiago de Cali.<\/p>\n<p>Personal trainer certificada de ECEP, La escuela del fitness. Estudiante en formaci\u00f3n de nutrici\u00f3n y diet\u00e9tica de la Pontificia Universidad Javeriana de Cali. <\/p>\n<p>Con experiencia de 5 a\u00f1os en el campo de la musculaci\u00f3n e hipertrofia y con una participaci\u00f3n como modelo fitness en La Bella Mafia Colombia, marca de ropa deportiva y Bright Swimwear, de trajes de ba\u00f1o. <\/p>\n<p>Amante del emprendimiento y los deportes.<\/p>\n","protected":false},"excerpt":{"rendered":"<p>Perder grasa es uno de los mayores retos que tenemos las mujeres. No necesitamos un gimnasio o pagar altas sumas de dinero para lograrlo.<\/p>\n<p>Con el Master Class PIERDE GRASA DESDE CASA, puedes bajar esos gorditos que tanto nos molesta a las mujeres.<\/p>\n<p>Logra tus objetivos f\u00edsicos desde la comodidad de tu casa, con rutinas efectivas para verte fit y estrategias infalibles para auto motivarte.<\/p>\n<p>Domina los secretos para mejorar capacidades f\u00edsicas como la fuerza, resistencia, velocidad y flexibilidad con una gu\u00eda de alimentaci\u00f3n y ejercicios imperdibles.<\/p>\n","protected":false},"featured_media":5195,"template":"","meta":{"_joinchat":[]},"product_brand":[],"product_cat":[337,344],"product_tag":[],"class_list":{"0":"post-13594","1":"product","2":"type-product","3":"status-publish","4":"has-post-thumbnail","6":"product_cat-salud-y-deportes","7":"product_cat-todos","9":"first","10":"instock","11":"sale","12":"shipping-taxable","13":"product-type-external"},"_links":{"self":[{"href":"https:\/\/cursos.talentup.cl\/index.php?rest_route=\/wp\/v2\/product\/13594","targetHints":{"allow":["GET"]}}],"collection":[{"href":"https:\/\/cursos.talentup.cl\/index.php?rest_route=\/wp\/v2\/product"}],"about":[{"href":"https:\/\/cursos.talentup.cl\/index.php?rest_route=\/wp\/v2\/types\/product"}],"version-history":[{"count":2,"href":"https:\/\/cursos.talentup.cl\/index.php?rest_route=\/wp\/v2\/product\/13594\/revisions"}],"predecessor-version":[{"id":15092,"href":"https:\/\/cursos.talentup.cl\/index.php?rest_route=\/wp\/v2\/product\/13594\/revisions\/15092"}],"wp:featuredmedia":[{"embeddable":true,"href":"https:\/\/cursos.talentup.cl\/index.php?rest_route=\/wp\/v2\/media\/5195"}],"wp:attachment":[{"href":"https:\/\/cursos.talentup.cl\/index.php?rest_route=%2Fwp%2Fv2%2Fmedia&parent=13594"}],"wp:term":[{"taxonomy":"product_brand","embeddable":true,"href":"https:\/\/cursos.talentup.cl\/index.php?rest_route=%2Fwp%2Fv2%2Fproduct_brand&post=13594"},{"taxonomy":"product_cat","embeddable":true,"href":"https:\/\/cursos.talentup.cl\/index.php?rest_route=%2Fwp%2Fv2%2Fproduct_cat&post=13594"},{"taxonomy":"product_tag","embeddable":true,"href":"https:\/\/cursos.talentup.cl\/index.php?rest_route=%2Fwp%2Fv2%2Fproduct_tag&post=13594"}],"curies":[{"name":"wp","href":"https:\/\/api.w.org\/{rel}","templated":true}]}}