{"id":13638,"date":"2023-01-10T04:42:43","date_gmt":"2023-01-10T07:42:43","guid":{"rendered":"https:\/\/cursos.talentup.cl\/?post_type=product&#038;p=13638"},"modified":"2024-02-07T23:38:56","modified_gmt":"2024-02-08T02:38:56","slug":"post-parto-mamas-activas","status":"publish","type":"product","link":"https:\/\/cursos.talentup.cl\/?product=post-parto-mamas-activas","title":{"rendered":"POST-PARTO MAM\u00c1S ACTIVAS"},"content":{"rendered":"<p>Cuando tuve mi beb\u00e9, mi cuerpo cambi\u00f3.<\/p>\n<p>Mi abdomen qued\u00f3 fl\u00e1cido, no me sent\u00eda segura de mi misma porque mi figura ya no era la de antes.<\/p>\n<p>Decid\u00ed hacer el MasterClass POSTPARTO MAM\u00c1S ACTIVAS.<\/p>\n<p>Un programa de acondicionamiento que cambi\u00f3 mi estado f\u00edsico, redujo mis niveles de estr\u00e9s y hasta mejor\u00f3 mi lactancia.<\/p>\n<p>Ahora soy una mam\u00e1 feliz, activa y plena.<\/p>\n<p>\u00bfQU\u00c9 VAS A LOGRAR?<\/p>\n<p>Recuperar tu figura para volver a sentirte segura 24\/7.<\/p>\n<p>Conocer un m\u00e9todo que SI ayuda a reducir per\u00edmetro abdominal despu\u00e9s de un parto.<\/p>\n<p>Volver a sentirte y verte bien con tu imagen f\u00edsica al reducir el per\u00edmetro de la cintura.<\/p>\n<p>Tener mayor claridad acerca sobre qu\u00e9 es tu suelo p\u00e9lvico y tus cambios durante el parto.<\/p>\n<p>Tener mejor per\u00edmetro de la cintura (Reducir medidas).<\/p>\n<p>Mejorar el funcionamiento del sistema cardio vascular.<\/p>\n<p>Mejorar el funcionamiento de la faja abdominal.<\/p>\n<p>Tener un mejor estado f\u00edsico para que te sientas mejor.<\/p>\n<p>Reducir el estr\u00e9s Post- Parto.<\/p>\n<p>Estimular la lactancia para que aumente la producci\u00f3n de leche materna.<\/p>\n<p>Verte mejor con solo 15 minutos al d\u00eda.<\/p>\n<p>Invertir el tiempo para empezar de nuevo, pero ahora con tu beb\u00e9.<\/p>\n<p>Aplicar la t\u00e9cnica de hipopresivos\/gimnasia para fortalecer los m\u00fasculos abdominales.<\/p>\n<p>Acceder al certificado descargable avalado por Hotmart y Seminarios Online.<\/p>\n<p>\u00bfC\u00d3MO LO VAS A LOGRAR?<\/p>\n<p>Este curso est\u00e1 dise\u00f1ado para que lo completes en 20 d\u00edas y consigas reducir el per\u00edmetro abdominal para que tu suelo p\u00e9lvico volver\u00e1 a ser funcional.<\/p>\n<p>Aqu\u00ed encontrar\u00e1s todo lo que Necesitas saber para que tu recuperaci\u00f3n POST-PARTO sea exitosa, todo depende de ti, tu das el primer paso para verte nuevamente linda y como NUEVA. A partir de los siguientes m\u00f3dulos:<\/p>\n<p>Parte No 1 Bienvenida y recomendaciones.<br \/>\nParte No 2 Hipopresivos.<br \/>\nParte No 3 fortalecimiento abdominal.<br \/>\nParte No 4 Hipopresivos sencillos.<br \/>\nParte No 5 Cardio funcional.<br \/>\nParte No 6 gl\u00fateos fuertes.<br \/>\nParte No 7 Cardio con elementos.<br \/>\nParte No 8 fortalecimiento gl\u00fateos.<br \/>\nParte No 9 fortalecimiento abdominal.<br \/>\nParte No 10 cardio kick boxing.<br \/>\nParte No 11 Hipopresivos acostada.<br \/>\nParte No 12 hipopresivos din\u00e1micos.<br \/>\nParte No 13 Cardio Funcional y Tono.<br \/>\nParte No 14 tonificaci\u00f3n de gl\u00fateo.<br \/>\nParte No 15 tonificaci\u00f3n abdomen.<br \/>\nParte No 16 Hipopresivos completos.<br \/>\nParte No 17 Despedida e invitaci\u00f3n.<\/p>\n<p>ACERCA DEL PRODUCTOR:<\/p>\n<p>Desarrollado por ALEJANDRA MURILLO, licenciada en Educaci\u00f3n F\u00edsica, Recreaci\u00f3n y Deporte. Diplomado Actividad F\u00edsica y salud y Entrenamiento F\u00edsico para la mujer, embarazo y Post parto. <\/p>\n<p>Con m\u00e1s de 7 a\u00f1os de experiencia en el \u00e1mbito deportivo, cuenta con un alto grado de conocimiento en recuperaci\u00f3n de suelo p\u00e9lvico, faja abdominal y acondicionamiento f\u00edsico. <\/p>\n<p>Promotora de grandes campa\u00f1as de actividad f\u00edsica enfocada en el embarazo y tambi\u00e9n sobre los beneficios que tiene y aporta a tu beb\u00e9.<\/p>\n","protected":false},"excerpt":{"rendered":"<p>Cuando tuve mi beb\u00e9, mi cuerpo cambi\u00f3.<\/p>\n<p>Mi abdomen qued\u00f3 fl\u00e1cido, no me sent\u00eda segura de mi misma porque mi figura ya no era la de antes.<\/p>\n<p>Decid\u00ed hacer el MasterClass POSTPARTO MAM\u00c1S ACTIVAS.<\/p>\n<p>Un programa de acondicionamiento que cambi\u00f3 mi estado f\u00edsico, redujo mis niveles de estr\u00e9s y hasta mejor\u00f3 mi lactancia.<\/p>\n<p>Ahora soy una mam\u00e1 feliz, activa y plena.<\/p>\n","protected":false},"featured_media":5212,"template":"","meta":{"_joinchat":[]},"product_brand":[],"product_cat":[337,344],"product_tag":[],"class_list":{"0":"post-13638","1":"product","2":"type-product","3":"status-publish","4":"has-post-thumbnail","6":"product_cat-salud-y-deportes","7":"product_cat-todos","9":"first","10":"instock","11":"sale","12":"shipping-taxable","13":"product-type-external"},"_links":{"self":[{"href":"https:\/\/cursos.talentup.cl\/index.php?rest_route=\/wp\/v2\/product\/13638","targetHints":{"allow":["GET"]}}],"collection":[{"href":"https:\/\/cursos.talentup.cl\/index.php?rest_route=\/wp\/v2\/product"}],"about":[{"href":"https:\/\/cursos.talentup.cl\/index.php?rest_route=\/wp\/v2\/types\/product"}],"version-history":[{"count":2,"href":"https:\/\/cursos.talentup.cl\/index.php?rest_route=\/wp\/v2\/product\/13638\/revisions"}],"predecessor-version":[{"id":15109,"href":"https:\/\/cursos.talentup.cl\/index.php?rest_route=\/wp\/v2\/product\/13638\/revisions\/15109"}],"wp:featuredmedia":[{"embeddable":true,"href":"https:\/\/cursos.talentup.cl\/index.php?rest_route=\/wp\/v2\/media\/5212"}],"wp:attachment":[{"href":"https:\/\/cursos.talentup.cl\/index.php?rest_route=%2Fwp%2Fv2%2Fmedia&parent=13638"}],"wp:term":[{"taxonomy":"product_brand","embeddable":true,"href":"https:\/\/cursos.talentup.cl\/index.php?rest_route=%2Fwp%2Fv2%2Fproduct_brand&post=13638"},{"taxonomy":"product_cat","embeddable":true,"href":"https:\/\/cursos.talentup.cl\/index.php?rest_route=%2Fwp%2Fv2%2Fproduct_cat&post=13638"},{"taxonomy":"product_tag","embeddable":true,"href":"https:\/\/cursos.talentup.cl\/index.php?rest_route=%2Fwp%2Fv2%2Fproduct_tag&post=13638"}],"curies":[{"name":"wp","href":"https:\/\/api.w.org\/{rel}","templated":true}]}}