{"id":13639,"date":"2023-01-10T04:42:43","date_gmt":"2023-01-10T07:42:43","guid":{"rendered":"https:\/\/cursos.talentup.cl\/?post_type=product&#038;p=13639"},"modified":"2024-02-07T23:38:56","modified_gmt":"2024-02-08T02:38:56","slug":"mente-sana-en-cuerpo-sano-reto-21-dias","status":"publish","type":"product","link":"https:\/\/cursos.talentup.cl\/?product=mente-sana-en-cuerpo-sano-reto-21-dias","title":{"rendered":"MENTE SANA EN CUERPO SANO \u2013 RETO 21 D\u00cdAS"},"content":{"rendered":"<p>\u00bfSue\u00f1as con tener un cuerpo saludable y adem\u00e1s verte bien?<\/p>\n<p>Con el MasterClass MENTE SANA EN CUERPO SANO, aprende c\u00f3mo sentirte mucho m\u00e1s vital y en forma controlando los antojos.<\/p>\n<p>Una encuesta revela que m\u00e1s del 95% de las personas tienen pensamientos y emociones de privaci\u00f3n, frustraci\u00f3n, y carencia cuando escuchan la palabra \u201cDIETA\u201d, lo cual puede tener una connotaci\u00f3n negativa \u201cdando por perdida la batalla\u201d.<\/p>\n<p>Entrena tu cuerpo, mientras mejoras los h\u00e1bitos de sue\u00f1o y te alimentas bien<br \/>\nTu cuerpo y mente te lo agradecer\u00e1n.<\/p>\n<p>\u00bfQU\u00c9 VAS A LOGRAR?<\/p>\n<p>Lograr un \u201ccuerpo de playa\u201d que puedes mantener los 365 d\u00edas del a\u00f1o.<br \/>\nRealizar peque\u00f1os pero efectivos cambios en tu estilo de vida, que impactar\u00e1n de manera positiva en tu bienestar.<br \/>\nReducir la cantidad de grasa en tu cuerpo para que te veas y te sientas mejor.<br \/>\nReducir significativamente el envejecimiento prematuro.<br \/>\nPoder perder hasta 5 kg indeseados de forma natural, al hacer cambios significativos en tus h\u00e1bitos alimenticios y estilo de vida.<br \/>\nElevar tu autoestima, y comprar ropa sin importar la talla.<br \/>\nDisminuir el riesgo de contraer enfermedades degenerativas.<br \/>\nAhorrar hasta un 54% del dinero destinado a la despensa.<br \/>\nGozar tiempo libre para disfrutarlo como m\u00e1s te guste.<br \/>\nControlar el hambre y los antojos innecesarios.<\/p>\n<p>\u00bfC\u00d3MO LO VAS A LOGRAR?<\/p>\n<p>A trav\u00e9s de una soluci\u00f3n integral durante un reto de 21 d\u00edas con tres a cuatro metas por d\u00eda, basado en los pilares principales del fitness: Nutrici\u00f3n, Ejercicio y Estilo de Vida.<\/p>\n<p>Tu \u00e9xito podr\u00eda depender de una serie de indicaciones y tem\u00e1ticas como:<\/p>\n<p>Realiza una purga completa de cocina y despensa.<br \/>\n C\u00f3mo aumentar tu movimiento diario.<br \/>\nCu\u00e1les son los elementos esenciales para tener a tu disposici\u00f3n.<br \/>\nLa manera correcta de comprar tus alimentos.<br \/>\nDescubre los mitos del entrenamiento aer\u00f3bico.<br \/>\nH\u00e1bitos para un sue\u00f1o profundo y reparador.<br \/>\nDomina los Ejercicios Ancestrales Esenciales.<br \/>\nComprende la importancia del juego en tu vida.<br \/>\nControla el hambre y los antojos.<br \/>\nAjusta la manera en que trabajas en tu oficina.<br \/>\nProcura los mejores alimentos del espectro de posibilidades.<br \/>\nPractica el Mindfulness en tus actividades m\u00e1s simples.<br \/>\nAprende a confiar en tu instinto, \u00a1y tu est\u00f3mago!<br \/>\nIdentifica lo que lees en las etiquetas.<br \/>\nRealiza entrenamientos de Sprints.<br \/>\nEnr\u00f3late con el Earthing &#038; Grounding.<br \/>\nMonitorea la ingesta de macro-nutrientes.<br \/>\nLimita el bombardeo de medios de comunicaci\u00f3n.<br \/>\nCrea una receta ancestral aprobada.<br \/>\nNutre a tus c\u00edrculos sociales cercanos.<br \/>\nObt\u00e9n el asoleamiento adecuado.<br \/>\nComprende la maravilla del ayuno intermitente.<br \/>\nAprende a comprar local y elegir los mejores productos.<br \/>\nEjercita tu cerebro constantemente.<br \/>\nAbr\u00e1zate y date una indulgencia sensata.<\/p>\n<p>BONOS ESPECIALES:<\/p>\n<p>Bit\u00e1cora para llevar tu progreso diario y calificar tus resultados.<br \/>\nLista con los mejores alimentos ancestrales garantizados.<br \/>\nDiagrama con la curva de carbohidratos esencial.<br \/>\nPir\u00e1mide alimenticia ancestral.<br \/>\nPir\u00e1mide Fitness ancestral.<\/p>\n<p>ACERCA DEL PRODUCTOR: <\/p>\n<p>JULI\u00c1N OVIEDO, Fundador de la academia de desarrollo inter-personal HAUORA\u00ae.<\/p>\n<p>\u201cESPECIALISTA EN AVANCES HUMANOS\u201d.<\/p>\n<p>Health Coach experto en Salud Ancestral y p\u00e9rdida de peso por el Primal Health Coach Institute (USA). Maestro en Ingenier\u00eda (M\u00e9xico) y ex-doctorante (B\u00e9lgica), es un amante de la investigaci\u00f3n y el desarrollo humano.<\/p>\n<p>Vive su vida desde \u201cEl Nuevo Paradigma\u201d y ha apoyado cientos de personas a lograr una mejor calidad de vida a trav\u00e9s de la introspecci\u00f3n y autoconocimiento con herramientas como el Eneagrama y La Ley de La Atracci\u00f3n.<\/p>\n","protected":false},"excerpt":{"rendered":"<p>\u00bfSue\u00f1as con tener un cuerpo saludable y adem\u00e1s verte bien?<\/p>\n<p>Con el MasterClass MENTE SANA EN CUERPO SANO, aprende c\u00f3mo sentirte mucho m\u00e1s vital y en forma controlando los antojos.<\/p>\n<p>Una encuesta revela que m\u00e1s del 95% de las personas tienen pensamientos y emociones de privaci\u00f3n, frustraci\u00f3n, y carencia cuando escuchan la palabra \u201cDIETA\u201d, lo cual puede tener una connotaci\u00f3n negativa \u201cdando por perdida la batalla\u201d.<\/p>\n<p>Entrena tu cuerpo, mientras mejoras los h\u00e1bitos de sue\u00f1o y te alimentas bien<br \/>\nTu cuerpo y mente te lo agradecer\u00e1n.<\/p>\n","protected":false},"featured_media":5214,"template":"","meta":{"_joinchat":[]},"product_brand":[],"product_cat":[337,344],"product_tag":[],"class_list":{"0":"post-13639","1":"product","2":"type-product","3":"status-publish","4":"has-post-thumbnail","6":"product_cat-salud-y-deportes","7":"product_cat-todos","9":"first","10":"instock","11":"sale","12":"shipping-taxable","13":"product-type-external"},"_links":{"self":[{"href":"https:\/\/cursos.talentup.cl\/index.php?rest_route=\/wp\/v2\/product\/13639","targetHints":{"allow":["GET"]}}],"collection":[{"href":"https:\/\/cursos.talentup.cl\/index.php?rest_route=\/wp\/v2\/product"}],"about":[{"href":"https:\/\/cursos.talentup.cl\/index.php?rest_route=\/wp\/v2\/types\/product"}],"version-history":[{"count":2,"href":"https:\/\/cursos.talentup.cl\/index.php?rest_route=\/wp\/v2\/product\/13639\/revisions"}],"predecessor-version":[{"id":15111,"href":"https:\/\/cursos.talentup.cl\/index.php?rest_route=\/wp\/v2\/product\/13639\/revisions\/15111"}],"wp:featuredmedia":[{"embeddable":true,"href":"https:\/\/cursos.talentup.cl\/index.php?rest_route=\/wp\/v2\/media\/5214"}],"wp:attachment":[{"href":"https:\/\/cursos.talentup.cl\/index.php?rest_route=%2Fwp%2Fv2%2Fmedia&parent=13639"}],"wp:term":[{"taxonomy":"product_brand","embeddable":true,"href":"https:\/\/cursos.talentup.cl\/index.php?rest_route=%2Fwp%2Fv2%2Fproduct_brand&post=13639"},{"taxonomy":"product_cat","embeddable":true,"href":"https:\/\/cursos.talentup.cl\/index.php?rest_route=%2Fwp%2Fv2%2Fproduct_cat&post=13639"},{"taxonomy":"product_tag","embeddable":true,"href":"https:\/\/cursos.talentup.cl\/index.php?rest_route=%2Fwp%2Fv2%2Fproduct_tag&post=13639"}],"curies":[{"name":"wp","href":"https:\/\/api.w.org\/{rel}","templated":true}]}}