{"id":13708,"date":"2023-01-10T04:46:38","date_gmt":"2023-01-10T07:46:38","guid":{"rendered":"https:\/\/cursos.talentup.cl\/producto\/lucete-en-tu-cena-navidena-y-de-ano-nuevo-2\/"},"modified":"2024-02-07T23:37:47","modified_gmt":"2024-02-08T02:37:47","slug":"lucete-en-tu-cena-navidena-y-de-ano-nuevo-2","status":"publish","type":"product","link":"https:\/\/cursos.talentup.cl\/?product=lucete-en-tu-cena-navidena-y-de-ano-nuevo-2","title":{"rendered":"L\u00daCETE EN TU CENA NAVIDE\u00d1A Y DE A\u00d1O NUEVO"},"content":{"rendered":"<p>\u00bfEstas cansado de cocinar siempre lo mismo en navidad? <\/p>\n<p>Con el MasterClass L\u00daCETE EN TU CENA NAVIDE\u00d1A Y DE A\u00d1O NUEVO, tendr\u00e1s m\u00e1s ideas para cocinar en esta temporada y sorprender\u00e1s a tu familia con preparaciones exquisitas y coloridas.<\/p>\n<p>\u00bfQU\u00c9 VAS A LOGRAR?<\/p>\n<p>Compartir\u00e1s un momento familiar agradable degustando de preparaciones exquisitas elaboradas por ti mismo(a) especiales para la ocasi\u00f3n de Cena Navide\u00f1a y de A\u00f1o Nuevo.<\/p>\n<p>Podr\u00e1s no s\u00f3lo realizar un preparado sino, tener varias opciones para tener una mesa variada y de distintos sabores. <\/p>\n<p>Aprender\u00e1s de manera pr\u00e1ctica, paso a paso desde cero de manera ordenada, explicativa y demostrativa para que lo puedas realizar desde el lugar en donde te encuentres. <\/p>\n<p>Tendr\u00e1s a tu disposici\u00f3n diferentes tipos de ensaladas y de ali\u00f1os para acompa\u00f1ar tu mesa Navide\u00f1a y de Fin de A\u00f1o. <\/p>\n<p>Conocer\u00e1s guarniciones ganadoras y pr\u00e1cticas con insumos f\u00e1ciles de conseguir para acompa\u00f1ar a tu plato fuerte en tu cena Navide\u00f1a y de A\u00f1o Nuevo.<\/p>\n<p>Aprender\u00e1s a elaborar variedades de piqueos para compartir en esa noche especial mientras los invitados esperan a que el plato fuerte est\u00e9 listo. <\/p>\n<p>Preparar\u00e1s tres tipos de Pavo Horneado Navide\u00f1o y escoger el que m\u00e1s te agrade para esta fecha especial. <\/p>\n<p>Lograr\u00e1s hacer preparaciones de platos fuertes adem\u00e1s del t\u00edpico y tradicional Pavo Navide\u00f1o, tambi\u00e9n preparaciones navide\u00f1as de Pollo, Lech\u00f3n y Carne. <\/p>\n<p>Te llevar\u00e1s la sorpresa de poder preparar tu propio Panet\u00f3n en casa para disfrutarlo con toda tu familia e invitados.  <\/p>\n<p>Conocer\u00e1s las bases y t\u00e9cnicas de las preparaciones navide\u00f1as tanto en los platos fuertes como en sus acompa\u00f1amientos. <\/p>\n<p>Obtener el criterio para implementar, innovar y dejar llevar la creatividad para elaborar tus propios preparados navide\u00f1os. <\/p>\n<p>Ampliar\u00e1s tu conocimiento culinario y tendr\u00e1s ese sentir gastron\u00f3mico en estas Fechas Especiales y Festivas.<\/p>\n<p>Acceder\u00e1s al certificado avalado por Hotmart y Seminarios Online.<\/p>\n<p>\u00bfC\u00d3MO LO VAS A LOGRAR?<\/p>\n<p>A trav\u00e9s del siguiente contenido, estructurado paso a paso:<\/p>\n<p>M\u00d3DULO 1 &#8211; RECETAS NAVIDE\u00d1AS Y FESTIVAS <\/p>\n<p>Bienvenida.<br \/>\nPresentaci\u00f3n y Recomendaciones.<br \/>\nUni\u00e9ndonos al Grupo de Telegram <\/p>\n<p>M\u00d3DULO 2 &#8211; ENSALADAS <\/p>\n<p>Ensalada Delicia con Fresas y Mango.<br \/>\nEnsalada Alemana.<br \/>\nEnsalada Waldorf.<br \/>\nEnsalada Navide\u00f1a tipo Caprese.<br \/>\nEnsalada C\u00e9sar.<br \/>\nEnsalada Navide\u00f1a con Pi\u00f1a y Manzana.<br \/>\nEnsalada Fusilli.<br \/>\nEnsalada Griega.<br \/>\nEnsalada de Col, Lechuga, Espinaca y Frutos<br \/>\nEnsalada Cocida.<br \/>\nEnsalada Fresca. <\/p>\n<p>M\u00d3DULO 3 &#8211; FESTIVAL DE ARROCES  <\/p>\n<p>Arroz \u00c1rabe.<br \/>\nArroz a la Jardinera.<br \/>\nArroz Chino (Chaufa)<br \/>\nArroz Navide\u00f1o. <\/p>\n<p>M\u00d3DULO 4 &#8211; PUR\u00c9S <\/p>\n<p>Pur\u00e9 de Manzana.<br \/>\nPur\u00e9 de Camote.<br \/>\nPur\u00e9 de Membrillo.<br \/>\nPur\u00e9 de Papa. <\/p>\n<p>M\u00d3DULO 5 &#8211; M\u00c1S GUARNICIONES GANADORAS <\/p>\n<p>Papa Rellena con Queso Mozarella y Tocino.<br \/>\nPapitas C\u00f3ctel a las Finas Hierbas.<br \/>\nPapitas C\u00f3ctel con Mantequilla y Lim\u00f3n.<br \/>\nChoclo (ma\u00edz) con Bechamel.  <\/p>\n<p>M\u00d3DULO 6 &#8211; ENTRADAS Y PIQUEOS  <\/p>\n<p>Piadinas.<br \/>\nTeque\u00f1os con Guacamole.<br \/>\nTapas de Pollo y Durazno.<\/p>\n<p>M\u00d3DULO 7 &#8211; PLATOS FUERTES <\/p>\n<p>Pollo Relleno de Carne y Vegetales.<br \/>\nEnrollado de Pollo.<br \/>\nPollo Deshuesado Entero Relleno.<br \/>\nAsado de Cerdo al Horno.<br \/>\nRollo de Carne de Res.<br \/>\nPavo Navide\u00f1o Horneado 1.<br \/>\nPavo Navide\u00f1o Horneado 2.<br \/>\nPavo Navide\u00f1o Horneado 3. <\/p>\n<p>M\u00d3DULO 8 \u2013 MATERIAL ADICIONAL (BONOS) <\/p>\n<p>Bono 1 &#8211; Panet\u00f3n Navide\u00f1o Tradicional de Pasas y Frutillas.<br \/>\nBono 2 &#8211; Panet\u00f3n Navide\u00f1o con Chocochips.<br \/>\nBono 3 &#8211; Cinnamon Roll (Rollo de Canela).<br \/>\nBono 4 &#8211; Chocolatada Navide\u00f1a. <\/p>\n<p>M\u00d3DULO 9 &#8211; PRESENTACI\u00d3N FINAL DE LA MESA <\/p>\n<p>Presentaci\u00f3n Final de la Mesa Navide\u00f1a y Despedida. <\/p>\n<p>M\u00d3DULO 10 \u2013 VIDEO RESPUESTAS<\/p>\n<p>\u00bfPuedo reemplazar la p\u00e1prika en polvo por p\u00e1prika en pasta?<br \/>\n\u00bfPuedo reemplazar el ajo en polvo por pasta de ajo?<\/p>\n<p>M\u00d3DULO 11 &#8211; \u00bfC\u00d3MO OBTENER TU CERTIFICADO?<\/p>\n<p>\u00bfC\u00f3mo obtener tu certificado?<\/p>\n<p>ACERCA DEL PRODUCTOR<\/p>\n<p>Desarrollado por MIGUEL ANGEL SAENZ FLORES, chef instructor profesional peruano con m\u00e1s de 15 a\u00f1os de experiencia en el rubro de la Gastronom\u00eda, trabajando en restaurantes reconocidos de su ciudad incluyendo pasant\u00edas en el extranjero, graduado de la Instituci\u00f3n de Cocina de Pachac\u00fatec &#8211; Lima, Per\u00fa; chef instructor de Instituciones de Formaci\u00f3n Gastron\u00f3mica y actualmente cursando una Maestr\u00eda en Gastronom\u00eda; amante de la buena comida, con una amplia experiencia en el sector gastron\u00f3mico y con un cari\u00f1o especial por las Cenas Navide\u00f1as, Festivas y de A\u00f1o Nuevo.<\/p>\n","protected":false},"excerpt":{"rendered":"<p>\u00bfEstas cansado de cocinar siempre lo mismo en navidad? <\/p>\n<p>Con el MasterClass L\u00daCETE EN TU CENA NAVIDE\u00d1A Y DE A\u00d1O NUEVO, tendr\u00e1s m\u00e1s ideas para cocinar en esta temporada y sorprender\u00e1s a tu familia con preparaciones exquisitas y coloridas.<\/p>\n","protected":false},"featured_media":4007,"template":"","meta":{"_joinchat":[]},"product_brand":[],"product_cat":[343,344],"product_tag":[],"class_list":{"0":"post-13708","1":"product","2":"type-product","3":"status-publish","4":"has-post-thumbnail","6":"product_cat-mas-vendidos","7":"product_cat-todos","9":"first","10":"instock","11":"sale","12":"shipping-taxable","13":"product-type-external"},"_links":{"self":[{"href":"https:\/\/cursos.talentup.cl\/index.php?rest_route=\/wp\/v2\/product\/13708","targetHints":{"allow":["GET"]}}],"collection":[{"href":"https:\/\/cursos.talentup.cl\/index.php?rest_route=\/wp\/v2\/product"}],"about":[{"href":"https:\/\/cursos.talentup.cl\/index.php?rest_route=\/wp\/v2\/types\/product"}],"version-history":[{"count":1,"href":"https:\/\/cursos.talentup.cl\/index.php?rest_route=\/wp\/v2\/product\/13708\/revisions"}],"predecessor-version":[{"id":14526,"href":"https:\/\/cursos.talentup.cl\/index.php?rest_route=\/wp\/v2\/product\/13708\/revisions\/14526"}],"wp:featuredmedia":[{"embeddable":true,"href":"https:\/\/cursos.talentup.cl\/index.php?rest_route=\/wp\/v2\/media\/4007"}],"wp:attachment":[{"href":"https:\/\/cursos.talentup.cl\/index.php?rest_route=%2Fwp%2Fv2%2Fmedia&parent=13708"}],"wp:term":[{"taxonomy":"product_brand","embeddable":true,"href":"https:\/\/cursos.talentup.cl\/index.php?rest_route=%2Fwp%2Fv2%2Fproduct_brand&post=13708"},{"taxonomy":"product_cat","embeddable":true,"href":"https:\/\/cursos.talentup.cl\/index.php?rest_route=%2Fwp%2Fv2%2Fproduct_cat&post=13708"},{"taxonomy":"product_tag","embeddable":true,"href":"https:\/\/cursos.talentup.cl\/index.php?rest_route=%2Fwp%2Fv2%2Fproduct_tag&post=13708"}],"curies":[{"name":"wp","href":"https:\/\/api.w.org\/{rel}","templated":true}]}}