{"id":13743,"date":"2023-01-10T04:46:48","date_gmt":"2023-01-10T07:46:48","guid":{"rendered":"https:\/\/cursos.talentup.cl\/producto\/boceto-digital-para-fiestas-y-eventos-2\/"},"modified":"2024-02-07T23:38:07","modified_gmt":"2024-02-08T02:38:07","slug":"boceto-digital-para-fiestas-y-eventos-2","status":"publish","type":"product","link":"https:\/\/cursos.talentup.cl\/?product=boceto-digital-para-fiestas-y-eventos-2","title":{"rendered":"BOCETO DIGITAL PARA FIESTAS Y EVENTOS"},"content":{"rendered":"<p>\u00a1Ya es hora de dejar atr\u00e1s el dibujo a mano para presentar tu decoraci\u00f3n y evento y que tu cliente imagine c\u00f3mo va a quedar!<\/p>\n<p>Si tienes mucha creatividad para realizar decoraciones fant\u00e1sticas de cumplea\u00f1os, bodas, baby showers o aniversarios, pero no sabes c\u00f3mo plasmar tu idea en una hoja o boceto, el MASTER CLASS BOCETOS DIGITALES PARA FIESTAS Y EVENTOS es perfecto para ti.<\/p>\n<p>Llevar\u00e1s a una imagen digital la idea de tus decoraciones, ambientaci\u00f3n y combinaci\u00f3n de colores, logrando vender con m\u00e1s facilidad.<\/p>\n<p>\u00bfQU\u00c9 VAS A LOGRAR?<\/p>\n<p>Lograr\u00e1s realizar bocetos digitales de tus futuros eventos y decoraciones que podr\u00e1s presentar a tus clientes y as\u00ed vender con m\u00e1s facilidad.<\/p>\n<p>Llevar\u00e1s a una imagen digital la idea de tus decoraciones, ambientaci\u00f3n, combinaci\u00f3n de colores y uso de mobiliarios.<\/p>\n<p>Conocer\u00e1s t\u00e9cnicas y herramientas de dise\u00f1os que te van a facilitar tu trabajo creativo.<\/p>\n<p>Aprender\u00e1s con los programas que te vamos a dar, a calcular la cantidad de material que vas a necesitar, espacio y medidas. <\/p>\n<p>Crear\u00e1s tus proyectos de Duplets, paneles y arcos con la mayor facilidad con una herramienta pr\u00e1ctica y sencilla de usar.<\/p>\n<p>Crear\u00e1s un cat\u00e1logo de tus dise\u00f1os que podr\u00e1s ofrecer al cliente si no tiene una idea definida y as\u00ed ayudarlo a decidir su decoraci\u00f3n.<\/p>\n<p>Acceder\u00e1s al certificado avalado por Hotmart y Seminarios Online.<\/p>\n<p>\u00bfC\u00d3MO LO VAS A LOGRAR?<\/p>\n<p>A trav\u00e9s del siguiente contenido estructurado paso a paso:<\/p>\n<p>1. Bienvenida.<br \/>\n2. Introducci\u00f3n.<br \/>\n3. Materiales y herramientas.<br \/>\n4. Concepto boceto digital.<br \/>\n5. Descargar el programa Gimp.<br \/>\n6. Conociendo mi panel de trabajo.<br \/>\n7. Mi primer boceto digital 1.<br \/>\n8. Mi primer boceto digital 2.<br \/>\n9. Mi primer boceto digital 3.<br \/>\n10. Mi primer boceto digital 4.<br \/>\n11. Mi primer boceto digital 5.<br \/>\n12. Mi primer boceto digital 6.<br \/>\n13. Mi primer boceto digital 7.<br \/>\n14. Haz tu primer boceto digital.<br \/>\n15. Canva registro.<br \/>\n16. Panel de Canva.<br \/>\n17. Herramientas de Canva.<br \/>\n18. Remove bg.<br \/>\n19. Banco de Im\u00e1genes.<br \/>\n20. Tama\u00f1o de im\u00e1genes para redes sociales.<br \/>\n21. DecoraBalao.<\/p>\n<p>ACERCA DEL PRODUCTOR<\/p>\n<p>Desarrollado por ANTONIO BARRIOS, Empresario, creativo y experto en artes manuales, Profesional en el \u00e1rea de decoraci\u00f3n y eventos con m\u00e1s de 15 a\u00f1os de experiencia, instructor de 2 cursos online con gran \u00e9xito:<\/p>\n<p>1.- GLOBOS PARA FIESTAS Y EVENTOS.<br \/>\n2.- RAMOS FRUTALES.<\/p>\n","protected":false},"excerpt":{"rendered":"<p>\u00a1Ya es hora de dejar atr\u00e1s el dibujo a mano para presentar tu decoraci\u00f3n y evento y que tu cliente imagine c\u00f3mo va a quedar!<\/p>\n<p>Si tienes mucha creatividad para realizar decoraciones fant\u00e1sticas de cumplea\u00f1os, bodas, baby showers o aniversarios, pero no sabes c\u00f3mo plasmar tu idea en una hoja o boceto, el MASTER CLASS BOCETOS DIGITALES PARA FIESTAS Y EVENTOS es perfecto para ti.<\/p>\n<p>Llevar\u00e1s a una imagen digital la idea de tus decoraciones, ambientaci\u00f3n y combinaci\u00f3n de colores, logrando vender con m\u00e1s facilidad.<\/p>\n","protected":false},"featured_media":4846,"template":"","meta":{"_joinchat":[]},"product_brand":[],"product_cat":[333,344],"product_tag":[],"class_list":{"0":"post-13743","1":"product","2":"type-product","3":"status-publish","4":"has-post-thumbnail","6":"product_cat-negocios-y-marketing","7":"product_cat-todos","9":"first","10":"instock","11":"sale","12":"shipping-taxable","13":"product-type-external"},"_links":{"self":[{"href":"https:\/\/cursos.talentup.cl\/index.php?rest_route=\/wp\/v2\/product\/13743","targetHints":{"allow":["GET"]}}],"collection":[{"href":"https:\/\/cursos.talentup.cl\/index.php?rest_route=\/wp\/v2\/product"}],"about":[{"href":"https:\/\/cursos.talentup.cl\/index.php?rest_route=\/wp\/v2\/types\/product"}],"version-history":[{"count":1,"href":"https:\/\/cursos.talentup.cl\/index.php?rest_route=\/wp\/v2\/product\/13743\/revisions"}],"predecessor-version":[{"id":14680,"href":"https:\/\/cursos.talentup.cl\/index.php?rest_route=\/wp\/v2\/product\/13743\/revisions\/14680"}],"wp:featuredmedia":[{"embeddable":true,"href":"https:\/\/cursos.talentup.cl\/index.php?rest_route=\/wp\/v2\/media\/4846"}],"wp:attachment":[{"href":"https:\/\/cursos.talentup.cl\/index.php?rest_route=%2Fwp%2Fv2%2Fmedia&parent=13743"}],"wp:term":[{"taxonomy":"product_brand","embeddable":true,"href":"https:\/\/cursos.talentup.cl\/index.php?rest_route=%2Fwp%2Fv2%2Fproduct_brand&post=13743"},{"taxonomy":"product_cat","embeddable":true,"href":"https:\/\/cursos.talentup.cl\/index.php?rest_route=%2Fwp%2Fv2%2Fproduct_cat&post=13743"},{"taxonomy":"product_tag","embeddable":true,"href":"https:\/\/cursos.talentup.cl\/index.php?rest_route=%2Fwp%2Fv2%2Fproduct_tag&post=13743"}],"curies":[{"name":"wp","href":"https:\/\/api.w.org\/{rel}","templated":true}]}}