{"id":13764,"date":"2023-01-10T04:47:04","date_gmt":"2023-01-10T07:47:04","guid":{"rendered":"https:\/\/cursos.talentup.cl\/producto\/lactancia-materna-premium-2\/"},"modified":"2024-02-07T23:38:51","modified_gmt":"2024-02-08T02:38:51","slug":"lactancia-materna-premium-2","status":"publish","type":"product","link":"https:\/\/cursos.talentup.cl\/?product=lactancia-materna-premium-2","title":{"rendered":"LACTANCIA MATERNA PREMIUM"},"content":{"rendered":"<p>\u00bfSab\u00edas que la lactancia materna previene enfermedades como el c\u00e1ncer, diabetes y des\u00f3rdenes metab\u00f3licos tanto en el ni\u00f1o como en la madre?<\/p>\n<p>Con el masterclass LACTANCIA MATERNA PREMIUM podr\u00e1s aprender de forma clara y sencilla todo lo necesario para llevar a cabo una lactancia materna exitosa.<\/p>\n<p>\u00bfQU\u00c9 VAS A LOGRAR?<\/p>\n<p>Conocer la importancia y beneficios de la lactancia y leche materna.<\/p>\n<p>Conocer todos los mitos que existen sobre la lactancia.<\/p>\n<p>Aprender c\u00f3mo debe ser la alimentaci\u00f3n de la madre durante este periodo.<\/p>\n<p>Conocer los principales problemas a los que se enfrenta la madre durante la lactancia materna.<\/p>\n<p>Aplicar absolutamente todos los conocimientos con tu beb\u00e9.<\/p>\n<p>Brindar salud y bienestar a tu hijo(a) al m\u00e1s alto nivel.<\/p>\n<p>Acceder\u00e1s al certificado avalado por Hotmart y Seminarios Online.<\/p>\n<p>\u00bfC\u00d3MO LO VAS A LOGRAR?<\/p>\n<p>A trav\u00e9s del siguiente contenido, estructurado paso a paso:<\/p>\n<p>M\u00f3dulo No.1 Entendiendo la lactancia <\/p>\n<p>Presentaci\u00f3n<br \/>\nRecomendaciones<br \/>\nImportancia de la lactancia materna<br \/>\nMitos de la lactancia materna<br \/>\n\u00bfC\u00f3mo se produce la leche?<br \/>\nComposici\u00f3n de la leche materna<br \/>\n\u00bfCu\u00e1l es la edad del destete?<br \/>\nS\u00edndrome de muerte s\u00fabita del lactante<br \/>\nAlimentaci\u00f3n de la madre<br \/>\n\u00bfQu\u00e9 necesito comprar para mi reci\u00e9n nacido?<\/p>\n<p>M\u00f3dulo No.2 Lactancia materna exitosa<\/p>\n<p>Contacto temprano con el beb\u00e9<br \/>\nColecho y cohabitaci\u00f3n<br \/>\nPosiciones para amamantar<br \/>\nProblemas principales en los senos<br \/>\nExtracci\u00f3n manual de leche materna<br \/>\n\u00bfMi beb\u00e9 est\u00e1 creciendo adecuadamente?<br \/>\n\u00bfC\u00f3mo pesar a mi beb\u00e9 en casa?<br \/>\n\u00bfC\u00f3mo medir a mi beb\u00e9 en casa?<br \/>\nY al volver al trabajo, \u00bfQu\u00e9 sigue?<\/p>\n<p>M\u00f3dulo No.3 BONOS<\/p>\n<p>Alimentaci\u00f3n complementaria<br \/>\nSalud mental de la madre durante la lactancia<br \/>\nEjemplos de comidas y snacks para la madre lactante (incluye recetario)<\/p>\n<p>M\u00f3dulo No.4 PREGUNTAS FRECUENTES<\/p>\n<p>\u00bfPuedo hacer deporte si doy pecho?<br \/>\n\u00bfMi beb\u00e9 puede tomar agua?<br \/>\nMi beb\u00e9 me muerde el pez\u00f3n, \u00bfqu\u00e9 puedo hacer?<\/p>\n<p>ACERCA DE LA PRODUCTORA<\/p>\n<p>Desarrollado por Karla Ram\u00edrez Alfaro, licenciada en nutrici\u00f3n, apasionada por la alimentaci\u00f3n en el embarazo, lactancia e infancia, con m\u00e1s de 8 a\u00f1os de experiencia en el \u00e1rea atendiendo mujeres embarazadas, en periodo de lactancia, ni\u00f1os y lactantes. En conjunto con Brandon Rodr\u00edguez Ram\u00edrez, asesor en nutrici\u00f3n, entrenamiento y lactancia materna.<\/p>\n","protected":false},"excerpt":{"rendered":"<p>\u00bfSab\u00edas que la lactancia materna previene enfermedades como el c\u00e1ncer, diabetes y des\u00f3rdenes metab\u00f3licos tanto en el ni\u00f1o como en la madre?<\/p>\n<p>Con el masterclass LACTANCIA MATERNA PREMIUM podr\u00e1s aprender de forma clara y sencilla todo lo necesario para llevar a cabo una lactancia materna exitosa.<\/p>\n","protected":false},"featured_media":5164,"template":"","meta":{"_joinchat":[]},"product_brand":[],"product_cat":[337,344],"product_tag":[],"class_list":{"0":"post-13764","1":"product","2":"type-product","3":"status-publish","4":"has-post-thumbnail","6":"product_cat-salud-y-deportes","7":"product_cat-todos","9":"first","10":"instock","11":"sale","12":"shipping-taxable","13":"product-type-external"},"_links":{"self":[{"href":"https:\/\/cursos.talentup.cl\/index.php?rest_route=\/wp\/v2\/product\/13764","targetHints":{"allow":["GET"]}}],"collection":[{"href":"https:\/\/cursos.talentup.cl\/index.php?rest_route=\/wp\/v2\/product"}],"about":[{"href":"https:\/\/cursos.talentup.cl\/index.php?rest_route=\/wp\/v2\/types\/product"}],"version-history":[{"count":1,"href":"https:\/\/cursos.talentup.cl\/index.php?rest_route=\/wp\/v2\/product\/13764\/revisions"}],"predecessor-version":[{"id":15061,"href":"https:\/\/cursos.talentup.cl\/index.php?rest_route=\/wp\/v2\/product\/13764\/revisions\/15061"}],"wp:featuredmedia":[{"embeddable":true,"href":"https:\/\/cursos.talentup.cl\/index.php?rest_route=\/wp\/v2\/media\/5164"}],"wp:attachment":[{"href":"https:\/\/cursos.talentup.cl\/index.php?rest_route=%2Fwp%2Fv2%2Fmedia&parent=13764"}],"wp:term":[{"taxonomy":"product_brand","embeddable":true,"href":"https:\/\/cursos.talentup.cl\/index.php?rest_route=%2Fwp%2Fv2%2Fproduct_brand&post=13764"},{"taxonomy":"product_cat","embeddable":true,"href":"https:\/\/cursos.talentup.cl\/index.php?rest_route=%2Fwp%2Fv2%2Fproduct_cat&post=13764"},{"taxonomy":"product_tag","embeddable":true,"href":"https:\/\/cursos.talentup.cl\/index.php?rest_route=%2Fwp%2Fv2%2Fproduct_tag&post=13764"}],"curies":[{"name":"wp","href":"https:\/\/api.w.org\/{rel}","templated":true}]}}